CRAN Package Check Results for Package compositions

Last updated on 2023-02-01 07:52:58 CET.

Flavor Version Tinstall Tcheck Ttotal Status Flags
r-devel-linux-x86_64-debian-clang 2.0-4 22.13 244.67 266.80 WARN
r-devel-linux-x86_64-debian-gcc 2.0-4 22.14 185.59 207.73 WARN
r-devel-linux-x86_64-fedora-clang 2.0-4 335.41 WARN
r-devel-linux-x86_64-fedora-gcc 2.0-4 344.58 WARN
r-devel-windows-x86_64 2.0-4 317.00 362.00 679.00 WARN
r-patched-linux-x86_64 2.0-4 29.83 222.99 252.82 WARN
r-release-linux-x86_64 2.0-4 24.81 225.65 250.46 WARN
r-release-macos-arm64 2.0-4 91.00 OK
r-release-macos-x86_64 2.0-4 122.00 OK
r-release-windows-x86_64 2.0-4 278.00 364.00 642.00 WARN
r-oldrel-macos-arm64 2.0-4 82.00 OK
r-oldrel-macos-x86_64 2.0-4 125.00 OK
r-oldrel-windows-ix86+x86_64 2.0-4 47.00 415.00 462.00 WARN

Check Details

Version: 2.0-4
Check: Rd files
Result: NOTE
    checkRd: (-1) HouseholdExp.Rd:9: Escaped LaTeX specials: \$
    checkRd: (-1) HouseholdExp.Rd:27: Escaped LaTeX specials: \$
    checkRd: (-1) mix2compositions.Rd:28: Escaped LaTeX specials: \$
    checkRd: (-1) mixRead.Rd:30: Escaped LaTeX specials: \$ \$
    checkRd: (-1) mixRead.Rd:31: Escaped LaTeX specials: \$ \$
Flavors: r-devel-linux-x86_64-debian-clang, r-devel-linux-x86_64-debian-gcc, r-devel-linux-x86_64-fedora-clang, r-devel-linux-x86_64-fedora-gcc, r-devel-windows-x86_64

Version: 2.0-4
Check: examples
Result: WARN
    Found the following significant warnings:
    
     Warning: 'rgl::rgl.bbox' is deprecated.
     Warning: 'rgl::rgl.bbox' is deprecated.
     Warning: 'rgl::rgl.bbox' is deprecated.
     Warning: 'rgl::rgl.bbox' is deprecated.
     Warning: 'rgl::rgl.viewpoint' is deprecated.
     Warning: 'rgl::rgl.viewpoint' is deprecated.
     Warning: 'rgl::rgl.bbox' is deprecated.
    Deprecated functions may be defunct as soon as of the next release of
    R.
    See ?Deprecated.
    Examples with CPU (user + system) or elapsed time > 5s
     user system elapsed
    SimulatedAmounts 7.519 0.159 8.084
    gsiPrinBal 5.417 0.064 5.676
Flavor: r-devel-linux-x86_64-debian-clang

Version: 2.0-4
Check: examples
Result: WARN
    Found the following significant warnings:
    
     Warning: 'rgl::rgl.bbox' is deprecated.
     Warning: 'rgl::rgl.bbox' is deprecated.
     Warning: 'rgl::rgl.bbox' is deprecated.
     Warning: 'rgl::rgl.bbox' is deprecated.
     Warning: 'rgl::rgl.viewpoint' is deprecated.
     Warning: 'rgl::rgl.viewpoint' is deprecated.
     Warning: 'rgl::rgl.bbox' is deprecated.
    Deprecated functions may be defunct as soon as of the next release of
    R.
    See ?Deprecated.
    Examples with CPU (user + system) or elapsed time > 5s
     user system elapsed
    SimulatedAmounts 5.704 0.227 9.265
    gsiPrinBal 3.567 0.004 6.066
Flavor: r-devel-linux-x86_64-debian-gcc

Version: 2.0-4
Check: examples
Result: WARN
    Found the following significant warnings:
    
     Warning: 'rgl::rgl.bbox' is deprecated.
     Warning: 'rgl::rgl.bbox' is deprecated.
     Warning: 'rgl::rgl.bbox' is deprecated.
     Warning: 'rgl::rgl.bbox' is deprecated.
     Warning: 'rgl::rgl.viewpoint' is deprecated.
     Warning: 'rgl::rgl.viewpoint' is deprecated.
     Warning: 'rgl::rgl.bbox' is deprecated.
    Deprecated functions may be defunct as soon as of the next release of
    R.
    See ?Deprecated.
Flavors: r-devel-linux-x86_64-fedora-clang, r-devel-linux-x86_64-fedora-gcc, r-devel-windows-x86_64, r-release-windows-x86_64

Version: 2.0-4
Check: examples
Result: WARN
    Found the following significant warnings:
    
     Warning: 'rgl::rgl.bbox' is deprecated.
     Warning: 'rgl::rgl.bbox' is deprecated.
     Warning: 'rgl::rgl.bbox' is deprecated.
     Warning: 'rgl::rgl.bbox' is deprecated.
     Warning: 'rgl::rgl.viewpoint' is deprecated.
     Warning: 'rgl::rgl.viewpoint' is deprecated.
     Warning: 'rgl::rgl.bbox' is deprecated.
    Deprecated functions may be defunct as soon as of the next release of
    R.
    See ?Deprecated.
    Examples with CPU (user + system) or elapsed time > 5s
     user system elapsed
    SimulatedAmounts 7.227 0.080 8.938
    gsiPrinBal 5.084 0.088 6.162
Flavor: r-patched-linux-x86_64

Version: 2.0-4
Check: examples
Result: WARN
    Found the following significant warnings:
    
     Warning: 'rgl::rgl.bbox' is deprecated.
     Warning: 'rgl::rgl.bbox' is deprecated.
     Warning: 'rgl::rgl.bbox' is deprecated.
     Warning: 'rgl::rgl.bbox' is deprecated.
     Warning: 'rgl::rgl.viewpoint' is deprecated.
     Warning: 'rgl::rgl.viewpoint' is deprecated.
     Warning: 'rgl::rgl.bbox' is deprecated.
    Deprecated functions may be defunct as soon as of the next release of
    R.
    See ?Deprecated.
    Examples with CPU (user + system) or elapsed time > 5s
     user system elapsed
    SimulatedAmounts 7.367 0.136 7.893
    gsiPrinBal 5.072 0.016 5.502
Flavor: r-release-linux-x86_64

Version: 2.0-4
Check: running examples for arch ‘i386’
Result: WARN
    Found the following significant warnings:
    
     Warning: 'rgl::rgl.bbox' is deprecated.
     Warning: 'rgl::rgl.bbox' is deprecated.
     Warning: 'rgl::rgl.bbox' is deprecated.
     Warning: 'rgl::rgl.bbox' is deprecated.
     Warning: 'rgl::rgl.viewpoint' is deprecated.
     Warning: 'rgl::rgl.viewpoint' is deprecated.
     Warning: 'rgl::rgl.bbox' is deprecated.
    Deprecated functions may be defunct as soon as of the next release of
    R.
    See ?Deprecated.
Flavor: r-oldrel-windows-ix86+x86_64

Version: 2.0-4
Check: running examples for arch ‘x64’
Result: WARN
    Found the following significant warnings:
    
     Warning: 'rgl::rgl.bbox' is deprecated.
     Warning: 'rgl::rgl.bbox' is deprecated.
     Warning: 'rgl::rgl.bbox' is deprecated.
     Warning: 'rgl::rgl.bbox' is deprecated.
     Warning: 'rgl::rgl.viewpoint' is deprecated.
     Warning: 'rgl::rgl.viewpoint' is deprecated.
     Warning: 'rgl::rgl.bbox' is deprecated.
    Deprecated functions may be defunct as soon as of the next release of
    R.
    See ?Deprecated.
Flavor: r-oldrel-windows-ix86+x86_64