CRAN Package Check Results for Package cometr

Last updated on 2023-02-05 07:57:16 CET.

Flavor Version Tinstall Tcheck Ttotal Status Flags
r-devel-linux-x86_64-debian-clang 0.2.0 3.70 27.69 31.39 NOTE
r-devel-linux-x86_64-debian-gcc 0.2.0 3.24 21.65 24.89 NOTE
r-devel-linux-x86_64-fedora-clang 0.2.0 40.73 NOTE
r-devel-linux-x86_64-fedora-gcc 0.2.0 39.16 NOTE
r-devel-windows-x86_64 0.2.0 27.00 60.00 87.00 NOTE
r-patched-linux-x86_64 0.2.0 3.87 27.21 31.08 NOTE
r-release-linux-x86_64 0.2.0 4.14 26.63 30.77 NOTE
r-release-macos-arm64 0.2.0 14.00 NOTE
r-release-macos-x86_64 0.2.0 23.00 NOTE
r-release-windows-x86_64 0.2.0 37.00 56.00 93.00 NOTE
r-oldrel-macos-arm64 0.2.0 19.00 NOTE
r-oldrel-macos-x86_64 0.2.0 24.00 NOTE
r-oldrel-windows-ix86+x86_64 0.2.0 8.00 52.00 60.00 NOTE

Check Details

Version: 0.2.0
Check: LazyData
Result: NOTE
     'LazyData' is specified without a 'data' directory
Flavors: r-devel-linux-x86_64-debian-clang, r-devel-linux-x86_64-debian-gcc, r-devel-linux-x86_64-fedora-clang, r-devel-linux-x86_64-fedora-gcc, r-devel-windows-x86_64, r-patched-linux-x86_64, r-release-linux-x86_64, r-release-macos-arm64, r-release-macos-x86_64, r-release-windows-x86_64, r-oldrel-macos-arm64, r-oldrel-macos-x86_64, r-oldrel-windows-ix86+x86_64

Version: 0.2.0
Check: dependencies in R code
Result: NOTE
    Namespace in Imports field not imported from: ‘R6’
     All declared Imports should be used.
Flavors: r-devel-linux-x86_64-fedora-clang, r-devel-linux-x86_64-fedora-gcc, r-release-macos-arm64, r-release-macos-x86_64, r-oldrel-macos-arm64, r-oldrel-macos-x86_64