CRAN Package Check Results for Package combiter

Last updated on 2022-11-30 07:54:24 CET.

Flavor Version Tinstall Tcheck Ttotal Status Flags
r-devel-linux-x86_64-debian-clang 1.0.3 44.14 44.46 88.60 NOTE
r-devel-linux-x86_64-debian-gcc 1.0.3 32.64 34.07 66.71 NOTE
r-devel-linux-x86_64-fedora-clang 1.0.3 145.66 NOTE
r-devel-linux-x86_64-fedora-gcc 1.0.3 125.64 NOTE
r-devel-windows-x86_64 1.0.3 40.00 90.00 130.00 NOTE
r-patched-linux-x86_64 1.0.3 32.87 42.18 75.05 NOTE
r-release-linux-x86_64 1.0.3 34.93 41.74 76.67 NOTE
r-release-macos-arm64 1.0.3 32.00 NOTE
r-release-macos-x86_64 1.0.3 44.00 NOTE
r-release-windows-x86_64 1.0.3 47.00 93.00 140.00 NOTE
r-oldrel-macos-arm64 1.0.3 39.00 NOTE
r-oldrel-macos-x86_64 1.0.3 60.00 NOTE
r-oldrel-windows-ix86+x86_64 1.0.3 98.00 106.00 204.00 NOTE

Check Details

Version: 1.0.3
Check: LazyData
Result: NOTE
     'LazyData' is specified without a 'data' directory
Flavors: r-devel-linux-x86_64-debian-clang, r-devel-linux-x86_64-debian-gcc, r-devel-linux-x86_64-fedora-clang, r-devel-linux-x86_64-fedora-gcc, r-devel-windows-x86_64, r-patched-linux-x86_64, r-release-linux-x86_64, r-release-macos-arm64, r-release-macos-x86_64, r-release-windows-x86_64, r-oldrel-macos-arm64, r-oldrel-macos-x86_64, r-oldrel-windows-ix86+x86_64