CRAN Package Check Results for Package combiter

Last updated on 2023-12-09 07:49:28 CET.

Flavor Version Tinstall Tcheck Ttotal Status Flags
r-devel-linux-x86_64-debian-clang 1.0.3 45.41 45.66 91.07 NOTE
r-devel-linux-x86_64-debian-gcc 1.0.3 26.97 35.11 62.08 NOTE
r-devel-linux-x86_64-fedora-clang 1.0.3 129.34 NOTE
r-devel-linux-x86_64-fedora-gcc 1.0.3 121.93 NOTE
r-devel-windows-x86_64 1.0.3 36.00 80.00 116.00 NOTE
r-patched-linux-x86_64 1.0.3 36.99 44.41 81.40 NOTE
r-release-linux-x86_64 1.0.3 32.08 44.61 76.69 NOTE
r-release-macos-arm64 1.0.3 36.00 NOTE
r-release-macos-x86_64 1.0.3 56.00 NOTE
r-release-windows-x86_64 1.0.3 44.00 84.00 128.00 NOTE
r-oldrel-macos-arm64 1.0.3 32.00 NOTE
r-oldrel-macos-x86_64 1.0.3 44.00 NOTE
r-oldrel-windows-x86_64 1.0.3 41.00 82.00 123.00 NOTE

Check Details

Version: 1.0.3
Check: LazyData
Result: NOTE 'LazyData' is specified without a 'data' directory Flavors: r-devel-linux-x86_64-debian-clang, r-devel-linux-x86_64-debian-gcc, r-devel-linux-x86_64-fedora-clang, r-devel-linux-x86_64-fedora-gcc, r-devel-windows-x86_64, r-patched-linux-x86_64, r-release-linux-x86_64, r-release-macos-arm64, r-release-macos-x86_64, r-release-windows-x86_64, r-oldrel-macos-arm64, r-oldrel-macos-x86_64, r-oldrel-windows-x86_64