CRAN Package Check Results for Package combiroc

Last updated on 2023-01-30 09:54:07 CET.

Flavor Version Tinstall Tcheck Ttotal Status Flags
r-devel-linux-x86_64-debian-clang 0.2.3 7.65 88.20 95.85 OK
r-devel-linux-x86_64-debian-gcc 0.2.3 6.00 65.53 71.53 OK
r-devel-linux-x86_64-fedora-clang 0.2.3 116.60 NOTE
r-devel-linux-x86_64-fedora-gcc 0.2.3 126.47 NOTE
r-devel-windows-x86_64 0.2.3 29.00 127.00 156.00 OK
r-patched-linux-x86_64 0.2.3 7.18 84.58 91.76 OK
r-release-linux-x86_64 0.2.3 6.62 85.96 92.58 OK
r-release-macos-arm64 0.2.3 38.00 NOTE
r-release-macos-x86_64 0.2.3 76.00 NOTE
r-release-windows-x86_64 0.2.3 26.00 130.00 156.00 OK
r-oldrel-macos-arm64 0.2.3 54.00 NOTE
r-oldrel-macos-x86_64 0.2.3 51.00 NOTE
r-oldrel-windows-ix86+x86_64 0.2.3 21.00 116.00 137.00 OK

Check Details

Version: 0.2.3
Check: dependencies in R code
Result: NOTE
    Namespace in Imports field not imported from: ‘devtools’
     All declared Imports should be used.
Flavors: r-devel-linux-x86_64-fedora-clang, r-devel-linux-x86_64-fedora-gcc, r-release-macos-arm64, r-release-macos-x86_64, r-oldrel-macos-arm64, r-oldrel-macos-x86_64