CRAN Package Check Results for Package combinationpvalues

Last updated on 2024-05-18 08:57:41 CEST.

Flavor Version Tinstall Tcheck Ttotal Status Flags
r-devel-linux-x86_64-debian-clang 0.1.4 2.16 22.03 24.19 NOTE
r-devel-linux-x86_64-debian-gcc 0.1.4 1.56 16.96 18.52 NOTE
r-devel-linux-x86_64-fedora-clang 0.1.4 31.54 NOTE
r-devel-linux-x86_64-fedora-gcc 0.1.4 32.63 NOTE
r-devel-windows-x86_64 0.1.4 3.00 39.00 42.00 NOTE
r-patched-linux-x86_64 0.1.4 2.04 20.71 22.75 NOTE
r-release-linux-x86_64 0.1.4 2.20 20.82 23.02 NOTE
r-release-macos-arm64 0.1.4 16.00 NOTE
r-release-windows-x86_64 0.1.4 3.00 38.00 41.00 NOTE
r-oldrel-macos-arm64 0.1.4 15.00 NOTE
r-oldrel-macos-x86_64 0.1.4 19.00 NOTE
r-oldrel-windows-x86_64 0.1.4 4.00 42.00 46.00 NOTE

Check Details

Version: 0.1.4
Check: package subdirectories
Result: NOTE Problems with news in ‘NEWS.md’: No news entries found. Flavors: r-devel-linux-x86_64-debian-clang, r-devel-linux-x86_64-debian-gcc, r-devel-linux-x86_64-fedora-clang, r-devel-linux-x86_64-fedora-gcc, r-devel-windows-x86_64, r-patched-linux-x86_64, r-release-linux-x86_64, r-release-macos-arm64, r-release-windows-x86_64, r-oldrel-macos-arm64, r-oldrel-macos-x86_64, r-oldrel-windows-x86_64

Version: 0.1.4
Check: dependencies in R code
Result: NOTE Namespaces in Imports field not imported from: ‘chi’ ‘dplyr’ ‘spatstat.utils’ ‘utils’ All declared Imports should be used. Flavors: r-devel-linux-x86_64-fedora-clang, r-devel-linux-x86_64-fedora-gcc