Last updated on 2023-01-30 09:54:07 CET.
Flavor | Version | Tinstall | Tcheck | Ttotal | Status | Flags |
---|---|---|---|---|---|---|
r-devel-linux-x86_64-debian-clang | 2.0.0 | 47.15 | 61.57 | 108.72 | OK | |
r-devel-linux-x86_64-debian-gcc | 2.0.0 | 35.23 | 66.83 | 102.06 | NOTE | |
r-devel-linux-x86_64-fedora-clang | 2.0.0 | 140.73 | NOTE | |||
r-devel-linux-x86_64-fedora-gcc | 2.0.0 | 148.20 | NOTE | |||
r-devel-windows-x86_64 | 2.0.0 | 58.00 | 112.00 | 170.00 | NOTE | |
r-patched-linux-x86_64 | 2.0.0 | 42.47 | 61.91 | 104.38 | OK | |
r-release-linux-x86_64 | 2.0.0 | 39.12 | 62.81 | 101.93 | OK | |
r-release-macos-arm64 | 2.0.0 | 42.00 | OK | |||
r-release-macos-x86_64 | 2.0.0 | 49.00 | OK | |||
r-release-windows-x86_64 | 2.0.0 | 54.00 | 107.00 | 161.00 | OK | |
r-oldrel-macos-arm64 | 2.0.0 | 44.00 | OK | |||
r-oldrel-macos-x86_64 | 2.0.0 | 52.00 | OK | |||
r-oldrel-windows-ix86+x86_64 | 2.0.0 | 105.00 | 126.00 | 231.00 | OK |
Version: 2.0.0
Check: C++ specification
Result: NOTE
Specified C++11: please update to current default of C++17
Flavors: r-devel-linux-x86_64-debian-gcc, r-devel-linux-x86_64-fedora-clang, r-devel-linux-x86_64-fedora-gcc, r-devel-windows-x86_64