CRAN Package Check Results for Package colorr

Last updated on 2023-03-28 07:52:58 CEST.

Flavor Version Tinstall Tcheck Ttotal Status Flags
r-devel-linux-x86_64-debian-clang 1.0.0 1.83 20.55 22.38 NOTE
r-devel-linux-x86_64-debian-gcc 1.0.0 1.40 16.38 17.78 NOTE
r-devel-linux-x86_64-fedora-clang 1.0.0 29.30 NOTE
r-devel-linux-x86_64-fedora-gcc 1.0.0 27.56 NOTE
r-patched-linux-x86_64 1.0.0 2.33 20.10 22.43 NOTE
r-release-linux-x86_64 1.0.0 1.96 21.95 23.91 NOTE
r-release-macos-arm64 1.0.0 13.00 NOTE
r-release-macos-x86_64 1.0.0 19.00 NOTE
r-release-windows-x86_64 1.0.0 5.00 40.00 45.00 NOTE
r-oldrel-macos-arm64 1.0.0 19.00 NOTE
r-oldrel-macos-x86_64 1.0.0 25.00 NOTE
r-oldrel-windows-ix86+x86_64 1.0.0 4.00 24.00 28.00 NOTE

Check Details

Version: 1.0.0
Check: LazyData
Result: NOTE
     'LazyData' is specified without a 'data' directory
Flavors: r-devel-linux-x86_64-debian-clang, r-devel-linux-x86_64-debian-gcc, r-devel-linux-x86_64-fedora-clang, r-devel-linux-x86_64-fedora-gcc, r-patched-linux-x86_64, r-release-linux-x86_64, r-release-macos-arm64, r-release-macos-x86_64, r-release-windows-x86_64, r-oldrel-macos-arm64, r-oldrel-macos-x86_64, r-oldrel-windows-ix86+x86_64