CRAN Package Check Results for Package colorfindr

Last updated on 2023-01-29 07:55:59 CET.

Flavor Version Tinstall Tcheck Ttotal Status Flags
r-devel-linux-x86_64-debian-clang 0.1.4 9.99 82.87 92.86 NOTE
r-devel-linux-x86_64-debian-gcc 0.1.4 6.08 60.10 66.18 NOTE
r-devel-linux-x86_64-fedora-clang 0.1.4 108.27 NOTE
r-devel-linux-x86_64-fedora-gcc 0.1.4 105.43 NOTE
r-devel-windows-x86_64 0.1.4 20.00 109.00 129.00 NOTE
r-patched-linux-x86_64 0.1.4 11.92 78.76 90.68 NOTE
r-release-linux-x86_64 0.1.4 8.02 79.89 87.91 NOTE
r-release-macos-arm64 0.1.4 33.00 NOTE
r-release-macos-x86_64 0.1.4 55.00 NOTE
r-release-windows-x86_64 0.1.4 21.00 111.00 132.00 NOTE
r-oldrel-macos-arm64 0.1.4 36.00 NOTE
r-oldrel-macos-x86_64 0.1.4 54.00 NOTE
r-oldrel-windows-ix86+x86_64 0.1.4 23.00 115.00 138.00 NOTE

Check Details

Version: 0.1.4
Check: LazyData
Result: NOTE
     'LazyData' is specified without a 'data' directory
Flavors: r-devel-linux-x86_64-debian-clang, r-devel-linux-x86_64-debian-gcc, r-devel-linux-x86_64-fedora-clang, r-devel-linux-x86_64-fedora-gcc, r-devel-windows-x86_64, r-patched-linux-x86_64, r-release-linux-x86_64, r-release-macos-arm64, r-release-macos-x86_64, r-release-windows-x86_64, r-oldrel-macos-arm64, r-oldrel-macos-x86_64, r-oldrel-windows-ix86+x86_64