Last updated on 2023-02-05 07:57:16 CET.
Flavor | Version | Tinstall | Tcheck | Ttotal | Status | Flags |
---|---|---|---|---|---|---|
r-devel-linux-x86_64-debian-clang | 1.1.0 | 54.62 | 276.38 | 331.00 | NOTE | |
r-devel-linux-x86_64-debian-gcc | 1.1.0 | 44.08 | 192.05 | 236.13 | NOTE | |
r-devel-linux-x86_64-fedora-clang | 1.1.0 | 395.34 | NOTE | |||
r-devel-linux-x86_64-fedora-gcc | 1.1.0 | 383.56 | NOTE | |||
r-devel-windows-x86_64 | 1.1.0 | 54.00 | 329.00 | 383.00 | NOTE | |
r-patched-linux-x86_64 | 1.1.0 | 43.80 | 241.86 | 285.66 | NOTE | |
r-release-linux-x86_64 | 1.1.0 | 43.10 | 250.73 | 293.83 | NOTE | |
r-release-macos-arm64 | 1.1.0 | 142.00 | NOTE | |||
r-release-macos-x86_64 | 1.1.0 | 160.00 | NOTE | |||
r-release-windows-x86_64 | 1.1.0 | 51.00 | 340.00 | 391.00 | NOTE | |
r-oldrel-macos-arm64 | 1.1.0 | 163.00 | NOTE | |||
r-oldrel-macos-x86_64 | 1.1.0 | 245.00 | NOTE | |||
r-oldrel-windows-ix86+x86_64 | 1.1.0 | 125.00 | 390.00 | 515.00 | NOTE |
Version: 1.1.0
Check: LazyData
Result: NOTE
'LazyData' is specified without a 'data' directory
Flavors: r-devel-linux-x86_64-debian-clang, r-devel-linux-x86_64-debian-gcc, r-devel-linux-x86_64-fedora-clang, r-devel-linux-x86_64-fedora-gcc, r-devel-windows-x86_64, r-patched-linux-x86_64, r-release-linux-x86_64, r-release-macos-arm64, r-release-macos-x86_64, r-release-windows-x86_64, r-oldrel-macos-arm64, r-oldrel-macos-x86_64, r-oldrel-windows-ix86+x86_64