Last updated on 2023-01-31 07:54:06 CET.
Flavor | Version | Tinstall | Tcheck | Ttotal | Status | Flags |
---|---|---|---|---|---|---|
r-devel-linux-x86_64-debian-clang | 0.1 | 9.79 | 96.69 | 106.48 | OK | |
r-devel-linux-x86_64-debian-gcc | 0.1 | 7.56 | 68.33 | 75.89 | OK | |
r-devel-linux-x86_64-fedora-clang | 0.1 | 131.11 | NOTE | |||
r-devel-linux-x86_64-fedora-gcc | 0.1 | 140.32 | NOTE | |||
r-devel-windows-x86_64 | 0.1 | 101.00 | 153.00 | 254.00 | OK | |
r-patched-linux-x86_64 | 0.1 | 9.19 | 89.85 | 99.04 | OK | |
r-release-linux-x86_64 | 0.1 | 7.46 | 81.18 | 88.64 | OK | |
r-release-macos-arm64 | 0.1 | 39.00 | NOTE | |||
r-release-macos-x86_64 | 0.1 | 54.00 | NOTE | |||
r-release-windows-x86_64 | 0.1 | 112.00 | 149.00 | 261.00 | OK | |
r-oldrel-macos-arm64 | 0.1 | 43.00 | NOTE | |||
r-oldrel-macos-x86_64 | 0.1 | 59.00 | NOTE | |||
r-oldrel-windows-ix86+x86_64 | 0.1 | 20.00 | 120.00 | 140.00 | OK |
Version: 0.1
Check: dependencies in R code
Result: NOTE
Namespaces in Imports field not imported from:
‘R6’ ‘formatR’ ‘jsonlite’ ‘yaml’
All declared Imports should be used.
Flavors: r-devel-linux-x86_64-fedora-clang, r-devel-linux-x86_64-fedora-gcc, r-release-macos-arm64, r-release-macos-x86_64, r-oldrel-macos-arm64, r-oldrel-macos-x86_64