CRAN Package Check Results for Package cogmapr

Last updated on 2023-01-29 07:55:59 CET.

Flavor Version Tinstall Tcheck Ttotal Status Flags
r-devel-linux-x86_64-debian-clang 0.9.3 9.26 110.06 119.32 NOTE
r-devel-linux-x86_64-debian-gcc 0.9.3 7.14 79.27 86.41 NOTE
r-devel-linux-x86_64-fedora-clang 0.9.3 141.89 NOTE
r-devel-linux-x86_64-fedora-gcc 0.9.3 139.49 NOTE
r-devel-windows-x86_64 0.9.3 158.00 146.00 304.00 NOTE
r-patched-linux-x86_64 0.9.3 10.29 102.65 112.94 OK
r-release-linux-x86_64 0.9.3 8.74 101.52 110.26 OK
r-release-macos-arm64 0.9.3 44.00 OK
r-release-macos-x86_64 0.9.3 87.00 OK
r-release-windows-x86_64 0.9.3 13.00 132.00 145.00 OK
r-oldrel-macos-arm64 0.9.3 36.00 OK
r-oldrel-macos-x86_64 0.9.3 54.00 OK
r-oldrel-windows-ix86+x86_64 0.9.3 21.00 144.00 165.00 OK

Check Details

Version: 0.9.3
Check: package subdirectories
Result: NOTE
    Problems with news in ‘NEWS.md’:
    No news entries found.
Flavors: r-devel-linux-x86_64-debian-clang, r-devel-linux-x86_64-debian-gcc, r-devel-linux-x86_64-fedora-clang, r-devel-linux-x86_64-fedora-gcc, r-devel-windows-x86_64