Last updated on 2023-02-03 06:50:12 CET.
Flavor | Version | Tinstall | Tcheck | Ttotal | Status | Flags |
---|---|---|---|---|---|---|
r-devel-linux-x86_64-debian-clang | 2.2-0 | 10.66 | 67.37 | 78.03 | OK | |
r-devel-linux-x86_64-debian-gcc | 2.2-0 | 8.03 | 52.45 | 60.48 | OK | |
r-devel-linux-x86_64-fedora-clang | 2.2-0 | 96.20 | NOTE | |||
r-devel-linux-x86_64-fedora-gcc | 2.2-0 | 99.23 | NOTE | |||
r-patched-linux-x86_64 | 2.2-0 | 10.63 | 65.31 | 75.94 | OK | |
r-release-linux-x86_64 | 2.2-0 | 6.72 | 68.62 | 75.34 | OK | |
r-release-macos-arm64 | 2.2-0 | 33.00 | OK | |||
r-release-macos-x86_64 | 2.2-0 | 43.00 | OK | |||
r-release-windows-x86_64 | 2.2-0 | 14.00 | 99.00 | 113.00 | OK | |
r-oldrel-macos-arm64 | 2.2-0 | 37.00 | OK | |||
r-oldrel-macos-x86_64 | 2.2-0 | 58.00 | OK | |||
r-oldrel-windows-ix86+x86_64 | 2.2-0 | 22.00 | 110.00 | 132.00 | OK |
Version: 2.2-0
Check: compiled code
Result: NOTE
File ‘coenoflex/libs/coenoflex.so’:
Found no calls to: ‘R_registerRoutines’, ‘R_useDynamicSymbols’
It is good practice to register native routines and to disable symbol
search.
See ‘Writing portable packages’ in the ‘Writing R Extensions’ manual.
Flavors: r-devel-linux-x86_64-fedora-clang, r-devel-linux-x86_64-fedora-gcc