Last updated on 2023-03-28 07:52:58 CEST.
Flavor | Version | Tinstall | Tcheck | Ttotal | Status | Flags |
---|---|---|---|---|---|---|
r-devel-linux-x86_64-debian-clang | 0.1.3 | 2.68 | 26.44 | 29.12 | OK | |
r-devel-linux-x86_64-debian-gcc | 0.1.3 | 2.95 | 20.72 | 23.67 | OK | |
r-devel-linux-x86_64-fedora-clang | 0.1.3 | 38.92 | NOTE | |||
r-devel-linux-x86_64-fedora-gcc | 0.1.3 | 36.67 | NOTE | |||
r-patched-linux-x86_64 | 0.1.3 | 2.76 | 25.20 | 27.96 | OK | |
r-release-linux-x86_64 | 0.1.3 | 3.45 | 27.22 | 30.67 | OK | |
r-release-macos-arm64 | 0.1.3 | 19.00 | OK | |||
r-release-macos-x86_64 | 0.1.3 | 23.00 | OK | |||
r-release-windows-x86_64 | 0.1.3 | 8.00 | 61.00 | 69.00 | OK | |
r-oldrel-macos-arm64 | 0.1.3 | 22.00 | OK | |||
r-oldrel-macos-x86_64 | 0.1.3 | 27.00 | OK | |||
r-oldrel-windows-ix86+x86_64 | 0.1.3 | 8.00 | 51.00 | 59.00 | OK |
Version: 0.1.3
Check: data for non-ASCII characters
Result: NOTE
Note: found 30244 marked UTF-8 strings
Flavors: r-devel-linux-x86_64-fedora-clang, r-devel-linux-x86_64-fedora-gcc