CRAN Package Check Results for Package coda.base

Last updated on 2022-09-25 06:54:06 CEST.

Flavor Version Tinstall Tcheck Ttotal Status Flags
r-devel-linux-x86_64-debian-clang 0.5.2 56.07 58.19 114.26 OK
r-devel-linux-x86_64-debian-gcc 0.5.2 53.06 43.76 96.82 OK
r-devel-linux-x86_64-fedora-clang 0.5.2 173.83 NOTE
r-devel-linux-x86_64-fedora-gcc 0.5.2 164.97 NOTE
r-devel-windows-x86_64 0.5.2 69.00 119.00 188.00 OK
r-patched-linux-x86_64 0.5.2 51.25 54.14 105.39 OK
r-release-linux-x86_64 0.5.2 49.97 55.46 105.43 OK
r-release-macos-arm64 0.5.2 47.00 NOTE
r-release-macos-x86_64 0.5.2 61.00 NOTE
r-release-windows-x86_64 0.5.2 77.00 122.00 199.00 OK
r-oldrel-macos-arm64 0.5.2 46.00 NOTE
r-oldrel-macos-x86_64 0.5.2 64.00 NOTE
r-oldrel-windows-ix86+x86_64 0.5.2 147.00 120.00 267.00 OK

Check Details

Version: 0.5.2
Check: data for non-ASCII characters
Result: NOTE
     Note: found 19 marked UTF-8 strings
Flavors: r-devel-linux-x86_64-fedora-clang, r-devel-linux-x86_64-fedora-gcc, r-release-macos-arm64, r-release-macos-x86_64, r-oldrel-macos-arm64, r-oldrel-macos-x86_64

Version: 0.5.2
Check: installed package size
Result: NOTE
     installed size is 5.0Mb
     sub-directories of 1Mb or more:
     libs 4.7Mb
Flavors: r-release-macos-x86_64, r-oldrel-macos-x86_64