Last updated on 2023-01-27 07:50:29 CET.
Flavor | Version | Tinstall | Tcheck | Ttotal | Status | Flags |
---|---|---|---|---|---|---|
r-devel-linux-x86_64-debian-clang | 0.5.2 | 58.21 | 64.28 | 122.49 | OK | |
r-devel-linux-x86_64-debian-gcc | 0.5.2 | 52.95 | 47.85 | 100.80 | OK | |
r-devel-linux-x86_64-fedora-clang | 0.5.2 | 179.71 | NOTE | |||
r-devel-linux-x86_64-fedora-gcc | 0.5.2 | 180.44 | NOTE | |||
r-devel-windows-x86_64 | 0.5.2 | 73.00 | 118.00 | 191.00 | OK | |
r-patched-linux-x86_64 | 0.5.2 | 54.15 | 61.23 | 115.38 | OK | |
r-release-linux-x86_64 | 0.5.2 | 55.01 | 55.62 | 110.63 | OK | |
r-release-macos-arm64 | 0.5.2 | 47.00 | NOTE | |||
r-release-macos-x86_64 | 0.5.2 | 61.00 | NOTE | |||
r-release-windows-x86_64 | 0.5.2 | 67.00 | 118.00 | 185.00 | OK | |
r-oldrel-macos-arm64 | 0.5.2 | 46.00 | NOTE | |||
r-oldrel-macos-x86_64 | 0.5.2 | 64.00 | NOTE | |||
r-oldrel-windows-ix86+x86_64 | 0.5.2 | 148.00 | 120.00 | 268.00 | OK |
Version: 0.5.2
Check: data for non-ASCII characters
Result: NOTE
Note: found 19 marked UTF-8 strings
Flavors: r-devel-linux-x86_64-fedora-clang, r-devel-linux-x86_64-fedora-gcc, r-release-macos-arm64, r-release-macos-x86_64, r-oldrel-macos-arm64, r-oldrel-macos-x86_64
Version: 0.5.2
Check: installed package size
Result: NOTE
installed size is 5.0Mb
sub-directories of 1Mb or more:
libs 4.7Mb
Flavors: r-release-macos-x86_64, r-oldrel-macos-x86_64