CRAN Package Check Results for Package coca

Last updated on 2023-02-08 06:56:20 CET.

Flavor Version Tinstall Tcheck Ttotal Status Flags
r-devel-linux-x86_64-debian-clang 1.1.0 3.03 117.50 120.53 NOTE
r-devel-linux-x86_64-debian-gcc 1.1.0 2.74 83.95 86.69 NOTE
r-devel-linux-x86_64-fedora-clang 1.1.0 145.36 NOTE
r-devel-linux-x86_64-fedora-gcc 1.1.0 149.14 NOTE
r-devel-windows-x86_64 1.1.0 19.00 144.00 163.00 NOTE
r-patched-linux-x86_64 1.1.0 2.61 105.81 108.42 NOTE
r-release-linux-x86_64 1.1.0 2.78 106.97 109.75 NOTE
r-release-macos-arm64 1.1.0 60.00 NOTE
r-release-macos-x86_64 1.1.0 83.00 NOTE
r-release-windows-x86_64 1.1.0 19.00 151.00 170.00 NOTE
r-oldrel-macos-arm64 1.1.0 61.00 NOTE
r-oldrel-macos-x86_64 1.1.0 69.00 NOTE
r-oldrel-windows-ix86+x86_64 1.1.0 10.00 145.00 155.00 NOTE

Check Details

Version: 1.1.0
Check: LazyData
Result: NOTE
     'LazyData' is specified without a 'data' directory
Flavors: r-devel-linux-x86_64-debian-clang, r-devel-linux-x86_64-debian-gcc, r-devel-linux-x86_64-fedora-clang, r-devel-linux-x86_64-fedora-gcc, r-devel-windows-x86_64, r-patched-linux-x86_64, r-release-linux-x86_64, r-release-macos-arm64, r-release-macos-x86_64, r-release-windows-x86_64, r-oldrel-macos-arm64, r-oldrel-macos-x86_64, r-oldrel-windows-ix86+x86_64

Version: 1.1.0
Check: dependencies in R code
Result: NOTE
    Namespaces in Imports field not imported from:
     ‘Matrix’ ‘nnet’
     All declared Imports should be used.
Flavors: r-devel-linux-x86_64-fedora-clang, r-devel-linux-x86_64-fedora-gcc, r-release-macos-arm64, r-release-macos-x86_64, r-oldrel-macos-arm64, r-oldrel-macos-x86_64