Last updated on 2023-02-04 08:01:08 CET.
Flavor | Version | Tinstall | Tcheck | Ttotal | Status | Flags |
---|---|---|---|---|---|---|
r-devel-linux-x86_64-debian-clang | 0.9.2 | 11.54 | 77.78 | 89.32 | NOTE | |
r-devel-linux-x86_64-debian-gcc | 0.9.2 | 8.46 | 60.86 | 69.32 | NOTE | |
r-devel-linux-x86_64-fedora-clang | 0.9.2 | 112.94 | NOTE | |||
r-devel-linux-x86_64-fedora-gcc | 0.9.2 | 111.65 | NOTE | |||
r-devel-windows-x86_64 | 0.9.2 | 20.00 | 101.00 | 121.00 | NOTE | |
r-patched-linux-x86_64 | 0.9.2 | 11.07 | 78.29 | 89.36 | OK | |
r-release-linux-x86_64 | 0.9.2 | 9.79 | 76.90 | 86.69 | OK | |
r-release-macos-arm64 | 0.9.2 | 55.00 | OK | |||
r-release-macos-x86_64 | 0.9.2 | 46.00 | OK | |||
r-release-windows-x86_64 | 0.9.2 | 19.00 | 110.00 | 129.00 | OK | |
r-oldrel-macos-arm64 | 0.9.2 | 43.00 | OK | |||
r-oldrel-macos-x86_64 | 0.9.2 | 52.00 | OK | |||
r-oldrel-windows-ix86+x86_64 | 0.9.2 | 23.00 | 123.00 | 146.00 | OK |
Version: 0.9.2
Check: Rd files
Result: NOTE
checkRd: (-1) plot.predict.crrQR.Rd:18: Escaped LaTeX specials: \#
checkRd: (-1) plot.predict.crrQR.Rd:22: Escaped LaTeX specials: \#
Flavors: r-devel-linux-x86_64-debian-clang, r-devel-linux-x86_64-debian-gcc, r-devel-linux-x86_64-fedora-clang, r-devel-linux-x86_64-fedora-gcc, r-devel-windows-x86_64