Last updated on 2023-11-30 07:52:30 CET.
Flavor | Version | Tinstall | Tcheck | Ttotal | Status | Flags |
---|---|---|---|---|---|---|
r-devel-linux-x86_64-debian-clang | 3.5.1-1 | 26.34 | 75.05 | 101.39 | WARN | |
r-devel-linux-x86_64-debian-gcc | 3.5.1-2 | 25.16 | 50.12 | 75.28 | OK | |
r-devel-linux-x86_64-fedora-clang | 3.5.1-2 | 131.10 | OK | |||
r-devel-linux-x86_64-fedora-gcc | 3.5.1-2 | 149.93 | OK | |||
r-devel-windows-x86_64 | 3.5.1-2 | 31.00 | 84.00 | 115.00 | OK | |
r-patched-linux-x86_64 | 3.5.1-2 | 30.82 | 70.52 | 101.34 | OK | |
r-release-linux-x86_64 | 3.5.1-1 | 33.16 | 72.56 | 105.72 | OK | |
r-release-macos-arm64 | 3.5.1-2 | 44.00 | OK | |||
r-release-macos-x86_64 | 3.5.1-1 | 71.00 | OK | |||
r-release-windows-x86_64 | 3.5.1-2 | 37.00 | 91.00 | 128.00 | OK | |
r-oldrel-macos-arm64 | 3.5.1-2 | 50.00 | OK | |||
r-oldrel-macos-x86_64 | 3.5.1-1 | 48.00 | OK | |||
r-oldrel-windows-x86_64 | 3.5.1-2 | 32.00 | 83.00 | 115.00 | OK |
Version: 3.5.1-1
Check: whether package can be installed
Result: WARN
Found the following significant warnings:
helpers.c:1636:21: warning: format string is not a string literal (potentially insecure) [-Wformat-security]
See ‘/home/hornik/tmp/R.check/r-devel-clang/Work/PKGS/cmfrec.Rcheck/00install.out’ for details.
* used C compiler: ‘Debian clang version 17.0.5 (1)’
Flavor: r-devel-linux-x86_64-debian-clang