CRAN Package Check Results for Package cmfrec

Last updated on 2023-02-06 06:51:51 CET.

Flavor Version Tinstall Tcheck Ttotal Status Flags
r-devel-linux-x86_64-debian-clang 3.5.0 28.46 71.96 100.42 OK
r-devel-linux-x86_64-debian-gcc 3.5.0 25.25 48.59 73.84 OK
r-devel-linux-x86_64-fedora-clang 3.5.0 122.71 OK
r-devel-linux-x86_64-fedora-gcc 3.5.0 144.85 OK
r-devel-windows-x86_64 3.5.0 51.00 97.00 148.00 OK
r-patched-linux-x86_64 3.5.0 27.83 70.53 98.36 OK
r-release-linux-x86_64 3.5.0 25.85 68.57 94.42 OK
r-release-macos-arm64 3.5.0 33.00 OK
r-release-macos-x86_64 3.5.0 74.00 OK
r-release-windows-x86_64 3.5.0 52.00 102.00 154.00 OK
r-oldrel-macos-arm64 3.5.0 35.00 OK
r-oldrel-macos-x86_64 3.5.0 76.00 OK
r-oldrel-windows-ix86+x86_64 3.5.0 65.00 99.00 164.00 ERROR

Check Details

Version: 3.5.0
Check: running examples for arch ‘i386’
Result: ERROR
    Running examples in 'cmfrec-Ex.R' failed
    The error most likely occurred in:
    
    > ### Name: CMF.from.model.matrices
    > ### Title: Create a CMF model object from fitted matrices
    > ### Aliases: CMF.from.model.matrices
    >
    > ### ** Examples
    >
    > ### Example 'adopting' a model from 'recosystem'
    > library(cmfrec)
    > library(recosystem)
    > library(recommenderlab)
    Loading required package: Matrix
    Loading required package: arules
    
    Attaching package: 'arules'
    
    The following objects are masked from 'package:base':
    
     abbreviate, write
    
    Loading required package: proxy
    
    Attaching package: 'proxy'
    
    The following object is masked from 'package:Matrix':
    
     as.matrix
    
    The following objects are masked from 'package:stats':
    
     as.dist, dist
    
    The following object is masked from 'package:base':
    
     as.matrix
    
    > library(MatrixExtra)
    Error: package 'MatrixExtra' is not installed for 'arch = i386'
    Execution halted
Flavor: r-oldrel-windows-ix86+x86_64