Last updated on 2023-02-08 06:56:19 CET.
Flavor | Version | Tinstall | Tcheck | Ttotal | Status | Flags |
---|---|---|---|---|---|---|
r-devel-linux-x86_64-debian-clang | 0.1.4 | 7.43 | 113.86 | 121.29 | OK | |
r-devel-linux-x86_64-debian-gcc | 0.1.4 | 6.60 | 81.78 | 88.38 | OK | |
r-devel-linux-x86_64-fedora-clang | 0.1.4 | 142.25 | NOTE | |||
r-devel-linux-x86_64-fedora-gcc | 0.1.4 | 152.16 | OK | |||
r-devel-windows-x86_64 | 0.1.4 | 26.00 | 177.00 | 203.00 | NOTE | |
r-patched-linux-x86_64 | 0.1.4 | 12.33 | 106.24 | 118.57 | OK | |
r-release-linux-x86_64 | 0.1.4 | 5.67 | 102.17 | 107.84 | OK | |
r-release-macos-arm64 | 0.1.4 | 51.00 | NOTE | |||
r-release-macos-x86_64 | 0.1.4 | 65.00 | NOTE | |||
r-release-windows-x86_64 | 0.1.4 | 59.00 | 187.00 | 246.00 | NOTE | |
r-oldrel-macos-arm64 | 0.1.4 | 52.00 | NOTE | |||
r-oldrel-macos-x86_64 | 0.1.4 | 71.00 | NOTE | |||
r-oldrel-windows-ix86+x86_64 | 0.1.4 | 19.00 | 208.00 | 227.00 | NOTE |
Version: 0.1.4
Check: installed package size
Result: NOTE
installed size is 6.5Mb
sub-directories of 1Mb or more:
doc 5.4Mb
Flavors: r-devel-linux-x86_64-fedora-clang, r-devel-windows-x86_64, r-release-macos-arm64, r-release-macos-x86_64, r-release-windows-x86_64, r-oldrel-macos-arm64, r-oldrel-macos-x86_64, r-oldrel-windows-ix86+x86_64