Last updated on 2023-10-04 07:03:00 CEST.
Flavor | Version | Tinstall | Tcheck | Ttotal | Status | Flags |
---|---|---|---|---|---|---|
r-devel-linux-x86_64-debian-clang | 0.1.4 | 8.35 | 110.80 | 119.15 | OK | |
r-devel-linux-x86_64-debian-gcc | 0.1.4 | 6.64 | 82.59 | 89.23 | OK | |
r-devel-linux-x86_64-fedora-clang | 0.1.4 | 145.24 | NOTE | |||
r-devel-linux-x86_64-fedora-gcc | 0.1.4 | 157.59 | OK | |||
r-devel-windows-x86_64 | 0.1.4 | 9.00 | 114.00 | 123.00 | NOTE | |
r-patched-linux-x86_64 | 0.1.4 | 13.94 | 105.67 | 119.61 | OK | |
r-release-linux-x86_64 | 0.1.4 | 5.53 | 105.34 | 110.87 | OK | |
r-release-macos-arm64 | 0.1.4 | 58.00 | NOTE | |||
r-release-macos-x86_64 | 0.1.4 | 84.00 | NOTE | |||
r-release-windows-x86_64 | 0.1.4 | 13.00 | 136.00 | 149.00 | NOTE | |
r-oldrel-macos-arm64 | 0.1.4 | 51.00 | NOTE | |||
r-oldrel-macos-x86_64 | 0.1.4 | 65.00 | NOTE | |||
r-oldrel-windows-x86_64 | 0.1.4 | 13.00 | 136.00 | 149.00 | NOTE |
Version: 0.1.4
Check: installed package size
Result: NOTE
installed size is 6.5Mb
sub-directories of 1Mb or more:
doc 5.4Mb
Flavors: r-devel-linux-x86_64-fedora-clang, r-devel-windows-x86_64, r-release-macos-arm64, r-release-macos-x86_64, r-release-windows-x86_64, r-oldrel-macos-arm64, r-oldrel-macos-x86_64, r-oldrel-windows-x86_64