Last updated on 2023-02-02 06:54:45 CET.
Flavor | Version | Tinstall | Tcheck | Ttotal | Status | Flags |
---|---|---|---|---|---|---|
r-devel-linux-x86_64-debian-clang | 1.1.2 | 9.51 | 84.75 | 94.26 | NOTE | |
r-devel-linux-x86_64-debian-gcc | 1.1.2 | 7.94 | 62.68 | 70.62 | NOTE | |
r-devel-linux-x86_64-fedora-clang | 1.1.2 | 120.42 | NOTE | |||
r-devel-linux-x86_64-fedora-gcc | 1.1.2 | 128.93 | NOTE | |||
r-devel-windows-x86_64 | 1.1.2 | 16.00 | 112.00 | 128.00 | NOTE | |
r-patched-linux-x86_64 | 1.1.2 | 9.62 | 79.23 | 88.85 | NOTE | |
r-release-linux-x86_64 | 1.1.2 | 9.24 | 81.46 | 90.70 | NOTE | |
r-release-macos-arm64 | 1.1.2 | 36.00 | NOTE | |||
r-release-macos-x86_64 | 1.1.2 | 58.00 | NOTE | |||
r-release-windows-x86_64 | 1.1.2 | 16.00 | 112.00 | 128.00 | NOTE | |
r-oldrel-macos-arm64 | 1.1.2 | 53.00 | NOTE | |||
r-oldrel-macos-x86_64 | 1.1.2 | 72.00 | NOTE | |||
r-oldrel-windows-ix86+x86_64 | 1.1.2 | 23.00 | 106.00 | 129.00 | NOTE |
Version: 1.1.2
Check: LazyData
Result: NOTE
'LazyData' is specified without a 'data' directory
Flavors: r-devel-linux-x86_64-debian-clang, r-devel-linux-x86_64-debian-gcc, r-devel-linux-x86_64-fedora-clang, r-devel-linux-x86_64-fedora-gcc, r-devel-windows-x86_64, r-patched-linux-x86_64, r-release-linux-x86_64, r-release-macos-arm64, r-release-macos-x86_64, r-release-windows-x86_64, r-oldrel-macos-arm64, r-oldrel-macos-x86_64, r-oldrel-windows-ix86+x86_64