Last updated on 2023-02-03 06:50:11 CET.
Flavor | Version | Tinstall | Tcheck | Ttotal | Status | Flags |
---|---|---|---|---|---|---|
r-devel-linux-x86_64-debian-clang | 0.1.0 | 2.96 | 26.37 | 29.33 | OK | |
r-devel-linux-x86_64-debian-gcc | 0.1.0 | 2.30 | 19.97 | 22.27 | OK | |
r-devel-linux-x86_64-fedora-clang | 0.1.0 | 38.74 | NOTE | |||
r-devel-linux-x86_64-fedora-gcc | 0.1.0 | 38.53 | OK | |||
r-devel-windows-x86_64 | 0.1.0 | 94.00 | 62.00 | 156.00 | OK | |
r-patched-linux-x86_64 | 0.1.0 | 2.84 | 24.94 | 27.78 | OK | |
r-release-linux-x86_64 | 0.1.0 | 2.65 | 25.24 | 27.89 | OK | |
r-release-macos-arm64 | 0.1.0 | 16.00 | OK | |||
r-release-macos-x86_64 | 0.1.0 | 24.00 | OK | |||
r-release-windows-x86_64 | 0.1.0 | 191.00 | 58.00 | 249.00 | OK | |
r-oldrel-macos-arm64 | 0.1.0 | 14.00 | OK | |||
r-oldrel-macos-x86_64 | 0.1.0 | 23.00 | OK | |||
r-oldrel-windows-ix86+x86_64 | 0.1.0 | 7.00 | 49.00 | 56.00 | OK |
Version: 0.1.0
Check: Rd cross-references
Result: NOTE
Undeclared packages ‘bslib’, ‘shiny’ in Rd xrefs
Flavor: r-devel-linux-x86_64-fedora-clang