Last updated on 2023-01-28 07:14:50 CET.
Flavor | Version | Tinstall | Tcheck | Ttotal | Status | Flags |
---|---|---|---|---|---|---|
r-devel-linux-x86_64-debian-clang | 0.6.0 | 10.68 | 84.92 | 95.60 | NOTE | |
r-devel-linux-x86_64-debian-gcc | 0.6.0 | 7.95 | 62.84 | 70.79 | NOTE | |
r-devel-linux-x86_64-fedora-clang | 0.6.0 | 117.69 | NOTE | |||
r-devel-linux-x86_64-fedora-gcc | 0.6.0 | 126.61 | NOTE | |||
r-devel-windows-x86_64 | 0.6.0 | 76.00 | 135.00 | 211.00 | NOTE | |
r-patched-linux-x86_64 | 0.6.0 | 8.46 | 78.61 | 87.07 | NOTE | |
r-release-linux-x86_64 | 0.6.0 | 8.30 | 80.23 | 88.53 | NOTE | |
r-release-macos-arm64 | 0.6.0 | 31.00 | NOTE | |||
r-release-macos-x86_64 | 0.6.0 | 61.00 | NOTE | |||
r-release-windows-x86_64 | 0.6.0 | 46.00 | 116.00 | 162.00 | NOTE | |
r-oldrel-macos-arm64 | 0.6.0 | 41.00 | NOTE | |||
r-oldrel-macos-x86_64 | 0.6.0 | 71.00 | NOTE | |||
r-oldrel-windows-ix86+x86_64 | 0.6.0 | 23.00 | 112.00 | 135.00 | NOTE |
Version: 0.6.0
Check: LazyData
Result: NOTE
'LazyData' is specified without a 'data' directory
Flavors: r-devel-linux-x86_64-debian-clang, r-devel-linux-x86_64-debian-gcc, r-devel-linux-x86_64-fedora-clang, r-devel-linux-x86_64-fedora-gcc, r-devel-windows-x86_64, r-patched-linux-x86_64, r-release-linux-x86_64, r-release-macos-arm64, r-release-macos-x86_64, r-release-windows-x86_64, r-oldrel-macos-arm64, r-oldrel-macos-x86_64, r-oldrel-windows-ix86+x86_64