Last updated on 2023-01-31 07:54:06 CET.
Flavor | Version | Tinstall | Tcheck | Ttotal | Status | Flags |
---|---|---|---|---|---|---|
r-devel-linux-x86_64-debian-clang | 3.0.0 | 31.96 | 255.35 | 287.31 | NOTE | |
r-devel-linux-x86_64-debian-gcc | 3.0.0 | 23.29 | 185.01 | 208.30 | NOTE | |
r-devel-linux-x86_64-fedora-clang | 3.0.0 | 349.98 | NOTE | |||
r-devel-linux-x86_64-fedora-gcc | 3.0.0 | 455.49 | NOTE | |||
r-devel-windows-x86_64 | 3.0.0 | 341.00 | 426.00 | 767.00 | NOTE | |
r-patched-linux-x86_64 | 3.0.0 | 49.73 | 196.46 | 246.19 | NOTE | |
r-release-linux-x86_64 | 3.0.0 | 28.58 | 192.28 | 220.86 | NOTE | |
r-release-macos-arm64 | 3.0.0 | 101.00 | NOTE | |||
r-release-macos-x86_64 | 3.0.0 | 155.00 | NOTE | |||
r-release-windows-x86_64 | 3.0.0 | 388.00 | 285.00 | 673.00 | NOTE | |
r-oldrel-macos-arm64 | 3.0.0 | 194.00 | NOTE | |||
r-oldrel-macos-x86_64 | 3.0.0 | 197.00 | NOTE | |||
r-oldrel-windows-ix86+x86_64 | 3.0.0 | 44.00 | 224.00 | 268.00 | NOTE |
Version: 3.0.0
Check: LazyData
Result: NOTE
'LazyData' is specified without a 'data' directory
Flavors: r-devel-linux-x86_64-debian-clang, r-devel-linux-x86_64-debian-gcc, r-devel-linux-x86_64-fedora-clang, r-devel-linux-x86_64-fedora-gcc, r-devel-windows-x86_64, r-patched-linux-x86_64, r-release-linux-x86_64, r-release-macos-arm64, r-release-macos-x86_64, r-release-windows-x86_64, r-oldrel-macos-arm64, r-oldrel-macos-x86_64, r-oldrel-windows-ix86+x86_64