CRAN Package Check Results for Package cif

Last updated on 2024-03-04 07:48:23 CET.

Flavor Version Tinstall Tcheck Ttotal Status Flags
r-devel-linux-x86_64-debian-clang 0.1.1 6.84 45.55 52.39 NOTE
r-devel-linux-x86_64-debian-gcc 0.1.1 4.72 34.93 39.65 NOTE
r-devel-linux-x86_64-fedora-clang 0.1.1 63.27 NOTE
r-devel-linux-x86_64-fedora-gcc 0.1.1 64.22 NOTE
r-devel-windows-x86_64 0.1.1 5.00 56.00 61.00 NOTE
r-patched-linux-x86_64 0.1.1 5.66 44.45 50.11 OK
r-release-linux-x86_64 0.1.1 6.28 45.33 51.61 OK
r-release-macos-arm64 0.1.1 25.00 OK
r-release-macos-x86_64 0.1.1 31.00 OK
r-release-windows-x86_64 0.1.1 7.00 57.00 64.00 OK
r-oldrel-macos-arm64 0.1.1 24.00 OK
r-oldrel-windows-x86_64 0.1.1 6.00 60.00 66.00 OK

Check Details

Version: 0.1.1
Check: Rd files
Result: NOTE checkRd: (-1) ec.datalag.Rd:5: Lost braces; missing escapes or markup? 5 | \title{prepares Dy y_1 Dy_1 ... Dy_{nlag-1} for estimation} | ^ checkRd: (-1) ec.datalag.Rd:15: Lost braces 15 | ymat contains the folloiwing columns {Dy y_1 Dy_1 ... Dy_{nlag-1}} | ^ checkRd: (-1) ec.datalag.Rd:15: Lost braces; missing escapes or markup? 15 | ymat contains the folloiwing columns {Dy y_1 Dy_1 ... Dy_{nlag-1}} | ^ checkRd: (-1) lagn.Rd:21: Lost braces; missing escapes or markup? 21 | REM: alternative to "lead-lag" {dplyr} which applies to vector y | ^ Flavors: r-devel-linux-x86_64-debian-clang, r-devel-linux-x86_64-debian-gcc, r-devel-linux-x86_64-fedora-clang, r-devel-linux-x86_64-fedora-gcc, r-devel-windows-x86_64