Last updated on 2023-01-27 07:50:29 CET.
Flavor | Version | Tinstall | Tcheck | Ttotal | Status | Flags |
---|---|---|---|---|---|---|
r-devel-linux-x86_64-debian-clang | 1.1.1 | 37.63 | 30.95 | 68.58 | OK | |
r-devel-linux-x86_64-debian-gcc | 1.1.1 | 31.28 | 24.52 | 55.80 | NOTE | |
r-devel-linux-x86_64-fedora-clang | 1.1.1 | 108.82 | OK | |||
r-devel-linux-x86_64-fedora-gcc | 1.1.1 | 96.26 | NOTE | |||
r-devel-windows-x86_64 | 1.1.1 | 49.00 | 81.00 | 130.00 | OK | |
r-patched-linux-x86_64 | 1.1.1 | 33.94 | 31.05 | 64.99 | OK | |
r-release-linux-x86_64 | 1.1.1 | 33.60 | 31.21 | 64.81 | OK | |
r-release-macos-arm64 | 1.1.1 | 29.00 | OK | |||
r-release-macos-x86_64 | 1.1.1 | 40.00 | OK | |||
r-release-windows-x86_64 | 1.1.1 | 51.00 | 80.00 | 131.00 | OK | |
r-oldrel-macos-arm64 | 1.1.1 | 37.00 | OK | |||
r-oldrel-macos-x86_64 | 1.1.1 | 62.00 | OK | |||
r-oldrel-windows-ix86+x86_64 | 1.1.1 | 97.00 | 83.00 | 180.00 | OK |
Version: 1.1.1
Check: C++ specification
Result: NOTE
Specified C++11: please update to current default of C++17
Flavors: r-devel-linux-x86_64-debian-gcc, r-devel-linux-x86_64-fedora-gcc