CRAN Package Check Results for Package chromseq

Last updated on 2025-01-22 08:49:08 CET.

Flavor Version Tinstall Tcheck Ttotal Status Flags
r-devel-linux-x86_64-debian-clang 0.1.3 1.83 17.64 19.47 OK
r-devel-linux-x86_64-debian-gcc 0.1.3 1.47 14.82 16.29 OK
r-devel-linux-x86_64-fedora-clang 0.1.3 31.96 NOTE
r-devel-linux-x86_64-fedora-gcc 0.1.3 29.97 NOTE
r-devel-windows-x86_64 0.1.3 3.00 42.00 45.00 OK
r-patched-linux-x86_64 0.1.3 1.85 17.03 18.88 OK
r-release-linux-x86_64 0.1.3 1.68 16.93 18.61 OK
r-release-macos-arm64 0.1.3 13.00 OK
r-release-macos-x86_64 0.1.3 22.00 OK
r-release-windows-x86_64 0.1.3 3.00 39.00 42.00 OK
r-oldrel-macos-arm64 0.1.3 13.00 OK
r-oldrel-macos-x86_64 0.1.3 19.00 OK
r-oldrel-windows-x86_64 0.1.3 3.00 39.00 42.00 OK

Check Details

Version: 0.1.3
Check: dependencies in R code
Result: NOTE Namespace in Imports field not imported from: ‘base’ All declared Imports should be used. Flavors: r-devel-linux-x86_64-fedora-clang, r-devel-linux-x86_64-fedora-gcc