CRAN Package Check Results for Package choroplethr

Last updated on 2023-01-28 07:14:50 CET.

Flavor Version Tinstall Tcheck Ttotal Status Flags
r-devel-linux-x86_64-debian-clang 3.7.1 26.33 172.90 199.23 OK
r-devel-linux-x86_64-debian-gcc 3.7.1 21.39 126.58 147.97 OK
r-devel-linux-x86_64-fedora-clang 3.7.1 239.65 NOTE
r-devel-linux-x86_64-fedora-gcc 3.7.1 240.67 NOTE
r-devel-windows-x86_64 3.7.1 65.00 204.00 269.00 OK
r-patched-linux-x86_64 3.7.1 27.54 164.65 192.19 OK
r-release-linux-x86_64 3.7.1 18.44 164.52 182.96 OK
r-release-macos-arm64 3.7.1 83.00 NOTE
r-release-macos-x86_64 3.7.1 95.00 NOTE
r-release-windows-x86_64 3.7.1 77.00 192.00 269.00 OK
r-oldrel-macos-arm64 3.7.1 79.00 NOTE
r-oldrel-macos-x86_64 3.7.1 100.00 NOTE
r-oldrel-windows-ix86+x86_64 3.7.1 53.00 177.00 230.00 OK

Check Details

Version: 3.7.1
Check: data for non-ASCII characters
Result: NOTE
     Note: found 10 marked UTF-8 strings
Flavors: r-devel-linux-x86_64-fedora-clang, r-devel-linux-x86_64-fedora-gcc, r-release-macos-arm64, r-release-macos-x86_64, r-oldrel-macos-arm64, r-oldrel-macos-x86_64