Last updated on 2025-01-18 09:49:14 CET.
Flavor | Version | Tinstall | Tcheck | Ttotal | Status | Flags |
---|---|---|---|---|---|---|
r-devel-linux-x86_64-debian-clang | 0.8.0 | 40.44 | 426.80 | 467.24 | OK | |
r-devel-linux-x86_64-debian-gcc | 0.8.0 | 28.22 | 257.44 | 285.66 | OK | |
r-devel-linux-x86_64-fedora-clang | 0.8.0 | 772.31 | OK | |||
r-devel-linux-x86_64-fedora-gcc | 0.8.0 | 715.52 | OK | |||
r-devel-windows-x86_64 | 0.8.0 | 40.00 | 336.00 | 376.00 | OK | |
r-patched-linux-x86_64 | 0.8.0 | 40.72 | 388.23 | 428.95 | OK | |
r-release-linux-x86_64 | 0.8.0 | 40.45 | 386.95 | 427.40 | OK | |
r-release-macos-arm64 | 0.8.0 | 152.00 | NOTE | |||
r-release-macos-x86_64 | 0.8.0 | 295.00 | NOTE | |||
r-release-windows-x86_64 | 0.8.0 | 41.00 | 329.00 | 370.00 | NOTE | |
r-oldrel-macos-arm64 | 0.8.0 | 172.00 | NOTE | |||
r-oldrel-macos-x86_64 | 0.8.0 | 310.00 | NOTE | |||
r-oldrel-windows-x86_64 | 0.8.0 | 46.00 | 459.00 | 505.00 | NOTE |
Version: 0.8.0
Check: installed package size
Result: NOTE
installed size is 5.5Mb
sub-directories of 1Mb or more:
doc 1.5Mb
help 2.2Mb
Flavors: r-release-macos-arm64, r-release-macos-x86_64, r-release-windows-x86_64, r-oldrel-macos-arm64, r-oldrel-macos-x86_64, r-oldrel-windows-x86_64