CRAN Package Check Results for Package chkptstanr

Last updated on 2023-02-07 07:53:55 CET.

Flavor Version Tinstall Tcheck Ttotal Status Flags
r-devel-linux-x86_64-debian-clang 0.1.1 19.45 184.75 204.20 NOTE
r-devel-linux-x86_64-debian-gcc 0.1.1 15.43 137.95 153.38 NOTE
r-devel-linux-x86_64-fedora-clang 0.1.1 270.97 NOTE
r-devel-linux-x86_64-fedora-gcc 0.1.1 258.39 NOTE
r-devel-windows-x86_64 0.1.1 37.00 205.00 242.00 NOTE
r-patched-linux-x86_64 0.1.1 22.18 182.97 205.15 NOTE
r-release-linux-x86_64 0.1.1 14.05 178.71 192.76 NOTE
r-release-macos-arm64 0.1.1 72.00 NOTE
r-release-macos-x86_64 0.1.1 108.00 NOTE
r-release-windows-x86_64 0.1.1 38.00 230.00 268.00 NOTE
r-oldrel-macos-arm64 0.1.1 76.00 NOTE
r-oldrel-macos-x86_64 0.1.1 108.00 NOTE
r-oldrel-windows-ix86+x86_64 0.1.1 48.00 216.00 264.00 NOTE

Check Details

Version: 0.1.1
Check: package dependencies
Result: NOTE
    Package suggested but not available for checking: ‘cmdstanr’
Flavors: r-devel-linux-x86_64-debian-clang, r-devel-linux-x86_64-debian-gcc, r-devel-linux-x86_64-fedora-clang, r-devel-linux-x86_64-fedora-gcc, r-devel-windows-x86_64, r-patched-linux-x86_64, r-release-linux-x86_64, r-release-macos-arm64, r-release-macos-x86_64, r-release-windows-x86_64, r-oldrel-macos-arm64, r-oldrel-macos-x86_64, r-oldrel-windows-ix86+x86_64

Version: 0.1.1
Check: Rd cross-references
Result: NOTE
    Package unavailable to check Rd xrefs: ‘cmdstanr’
Flavors: r-devel-linux-x86_64-debian-clang, r-devel-linux-x86_64-debian-gcc, r-devel-linux-x86_64-fedora-clang, r-devel-linux-x86_64-fedora-gcc, r-devel-windows-x86_64, r-patched-linux-x86_64, r-release-linux-x86_64, r-release-macos-arm64, r-release-macos-x86_64, r-release-windows-x86_64, r-oldrel-macos-arm64, r-oldrel-macos-x86_64, r-oldrel-windows-ix86+x86_64

Version: 0.1.1
Check: dependencies in R code
Result: NOTE
    Namespace in Imports field not imported from: ‘Rdpack’
     All declared Imports should be used.
Flavors: r-devel-linux-x86_64-fedora-clang, r-devel-linux-x86_64-fedora-gcc, r-release-macos-arm64, r-release-macos-x86_64, r-oldrel-macos-arm64, r-oldrel-macos-x86_64