CRAN Package Check Results for Package chkptstanr

Last updated on 2022-10-01 07:07:53 CEST.

Flavor Version Tinstall Tcheck Ttotal Status Flags
r-devel-linux-x86_64-debian-clang 0.1.1 21.13 193.31 214.44 NOTE
r-devel-linux-x86_64-debian-gcc 0.1.1 14.90 143.61 158.51 NOTE
r-devel-linux-x86_64-fedora-clang 0.1.1 278.04 NOTE
r-devel-linux-x86_64-fedora-gcc 0.1.1 272.28 NOTE
r-devel-windows-x86_64 0.1.1 46.00 225.00 271.00 NOTE
r-patched-linux-x86_64 0.1.1 19.01 182.39 201.40 NOTE
r-release-linux-x86_64 0.1.1 13.47 180.55 194.02 NOTE
r-release-macos-arm64 0.1.1 72.00 NOTE
r-release-macos-x86_64 0.1.1 108.00 NOTE
r-release-windows-x86_64 0.1.1 36.00 218.00 254.00 NOTE
r-oldrel-macos-arm64 0.1.1 76.00 NOTE
r-oldrel-macos-x86_64 0.1.1 108.00 NOTE
r-oldrel-windows-ix86+x86_64 0.1.1 47.00 208.00 255.00 NOTE

Check Details

Version: 0.1.1
Check: package dependencies
Result: NOTE
    Package suggested but not available for checking: 'cmdstanr'
Flavors: r-devel-linux-x86_64-debian-clang, r-devel-linux-x86_64-debian-gcc, r-devel-linux-x86_64-fedora-clang, r-devel-linux-x86_64-fedora-gcc, r-devel-windows-x86_64, r-patched-linux-x86_64, r-release-linux-x86_64, r-release-macos-arm64, r-release-macos-x86_64, r-release-windows-x86_64, r-oldrel-macos-arm64, r-oldrel-macos-x86_64, r-oldrel-windows-ix86+x86_64

Version: 0.1.1
Check: Rd cross-references
Result: NOTE
    Package unavailable to check Rd xrefs: 'cmdstanr'
Flavors: r-devel-linux-x86_64-debian-clang, r-devel-linux-x86_64-debian-gcc, r-devel-linux-x86_64-fedora-clang, r-devel-linux-x86_64-fedora-gcc, r-devel-windows-x86_64, r-patched-linux-x86_64, r-release-linux-x86_64, r-release-macos-arm64, r-release-macos-x86_64, r-release-windows-x86_64, r-oldrel-macos-arm64, r-oldrel-macos-x86_64, r-oldrel-windows-ix86+x86_64

Version: 0.1.1
Check: dependencies in R code
Result: NOTE
    Namespace in Imports field not imported from: ‘Rdpack’
     All declared Imports should be used.
Flavors: r-devel-linux-x86_64-fedora-clang, r-devel-linux-x86_64-fedora-gcc, r-release-macos-arm64, r-release-macos-x86_64, r-oldrel-macos-arm64, r-oldrel-macos-x86_64