Last updated on 2023-02-02 06:54:45 CET.
Flavor | Version | Tinstall | Tcheck | Ttotal | Status | Flags |
---|---|---|---|---|---|---|
r-devel-linux-x86_64-debian-clang | 0.2.3 | 11.61 | 89.82 | 101.43 | NOTE | |
r-devel-linux-x86_64-debian-gcc | 0.2.3 | 9.64 | 68.75 | 78.39 | NOTE | |
r-devel-linux-x86_64-fedora-clang | 0.2.3 | 129.43 | NOTE | |||
r-devel-linux-x86_64-fedora-gcc | 0.2.3 | 125.97 | NOTE | |||
r-patched-linux-x86_64 | 0.2.3 | 11.02 | 87.36 | 98.38 | NOTE | |
r-release-linux-x86_64 | 0.2.3 | 11.54 | 89.74 | 101.28 | NOTE | |
r-release-macos-arm64 | 0.2.3 | 32.00 | NOTE | |||
r-release-macos-x86_64 | 0.2.3 | 58.00 | NOTE | |||
r-release-windows-x86_64 | 0.2.3 | 29.00 | 127.00 | 156.00 | NOTE | |
r-oldrel-macos-arm64 | 0.2.3 | 39.00 | NOTE | |||
r-oldrel-macos-x86_64 | 0.2.3 | 81.00 | NOTE | |||
r-oldrel-windows-ix86+x86_64 | 0.2.3 | 27.00 | 120.00 | 147.00 | NOTE |
Version: 0.2.3
Check: LazyData
Result: NOTE
'LazyData' is specified without a 'data' directory
Flavors: r-devel-linux-x86_64-debian-clang, r-devel-linux-x86_64-debian-gcc, r-devel-linux-x86_64-fedora-clang, r-devel-linux-x86_64-fedora-gcc, r-patched-linux-x86_64, r-release-linux-x86_64, r-release-macos-arm64, r-release-macos-x86_64, r-release-windows-x86_64, r-oldrel-macos-arm64, r-oldrel-macos-x86_64, r-oldrel-windows-ix86+x86_64