CRAN Package Check Results for Package childesr

Last updated on 2023-01-30 09:54:07 CET.

Flavor Version Tinstall Tcheck Ttotal Status Flags
r-devel-linux-x86_64-debian-clang 0.2.3 2.68 39.17 41.85 OK
r-devel-linux-x86_64-debian-gcc 0.2.3 2.18 30.06 32.24 OK
r-devel-linux-x86_64-fedora-clang 0.2.3 53.34 NOTE
r-devel-linux-x86_64-fedora-gcc 0.2.3 60.63 NOTE
r-devel-windows-x86_64 0.2.3 19.00 113.00 132.00 OK
r-patched-linux-x86_64 0.2.3 3.01 38.31 41.32 OK
r-release-linux-x86_64 0.2.3 1.91 38.36 40.27 OK
r-release-macos-arm64 0.2.3 52.00 NOTE
r-release-macos-x86_64 0.2.3 64.00 NOTE
r-release-windows-x86_64 0.2.3 21.00 118.00 139.00 OK
r-oldrel-macos-arm64 0.2.3 43.00 NOTE
r-oldrel-macos-x86_64 0.2.3 54.00 NOTE
r-oldrel-windows-ix86+x86_64 0.2.3 8.00 100.00 108.00 OK

Check Details

Version: 0.2.3
Check: dependencies in R code
Result: NOTE
    Namespace in Imports field not imported from: ‘dbplyr’
     All declared Imports should be used.
Flavors: r-devel-linux-x86_64-fedora-clang, r-devel-linux-x86_64-fedora-gcc, r-release-macos-arm64, r-release-macos-x86_64, r-oldrel-macos-arm64, r-oldrel-macos-x86_64