Last updated on 2023-01-31 07:54:06 CET.
Flavor | Version | Tinstall | Tcheck | Ttotal | Status | Flags |
---|---|---|---|---|---|---|
r-devel-linux-x86_64-debian-clang | 1.0.1 | 7.66 | 80.62 | 88.28 | NOTE | |
r-devel-linux-x86_64-debian-gcc | 1.0.1 | 6.04 | 62.03 | 68.07 | NOTE | |
r-devel-linux-x86_64-fedora-clang | 1.0.1 | 117.45 | NOTE | |||
r-devel-linux-x86_64-fedora-gcc | 1.0.1 | 132.09 | NOTE | |||
r-devel-windows-x86_64 | 1.0.1 | 22.00 | 116.00 | 138.00 | NOTE | |
r-patched-linux-x86_64 | 1.0.1 | 7.23 | 77.57 | 84.80 | NOTE | |
r-release-linux-x86_64 | 1.0.1 | 6.76 | 75.85 | 82.61 | NOTE | |
r-release-macos-arm64 | 1.0.1 | 32.00 | NOTE | |||
r-release-macos-x86_64 | 1.0.1 | 52.00 | NOTE | |||
r-release-windows-x86_64 | 1.0.1 | 25.00 | 125.00 | 150.00 | NOTE | |
r-oldrel-macos-arm64 | 1.0.1 | 35.00 | NOTE | |||
r-oldrel-macos-x86_64 | 1.0.1 | 73.00 | NOTE | |||
r-oldrel-windows-ix86+x86_64 | 1.0.1 | 17.00 | 112.00 | 129.00 | NOTE |
Version: 1.0.1
Check: LazyData
Result: NOTE
'LazyData' is specified without a 'data' directory
Flavors: r-devel-linux-x86_64-debian-clang, r-devel-linux-x86_64-debian-gcc, r-devel-linux-x86_64-fedora-clang, r-devel-linux-x86_64-fedora-gcc, r-devel-windows-x86_64, r-patched-linux-x86_64, r-release-linux-x86_64, r-release-macos-arm64, r-release-macos-x86_64, r-release-windows-x86_64, r-oldrel-macos-arm64, r-oldrel-macos-x86_64, r-oldrel-windows-ix86+x86_64