CRAN Package Check Results for Package checkr

Last updated on 2023-01-28 07:14:50 CET.

Flavor Version Tinstall Tcheck Ttotal Status Flags
r-devel-linux-x86_64-debian-clang 0.5.0 4.59 46.38 50.97 NOTE
r-devel-linux-x86_64-debian-gcc 0.5.0 3.42 34.98 38.40 NOTE
r-devel-linux-x86_64-fedora-clang 0.5.0 61.66 NOTE
r-devel-linux-x86_64-fedora-gcc 0.5.0 71.76 NOTE
r-devel-windows-x86_64 0.5.0 35.00 89.00 124.00 NOTE
r-patched-linux-x86_64 0.5.0 3.73 42.72 46.45 NOTE
r-release-linux-x86_64 0.5.0 3.22 42.06 45.28 NOTE
r-release-macos-arm64 0.5.0 20.00 NOTE
r-release-macos-x86_64 0.5.0 40.00 NOTE
r-release-windows-x86_64 0.5.0 42.00 82.00 124.00 NOTE
r-oldrel-macos-arm64 0.5.0 29.00 NOTE
r-oldrel-macos-x86_64 0.5.0 53.00 NOTE
r-oldrel-windows-ix86+x86_64 0.5.0 10.00 72.00 82.00 NOTE

Check Details

Version: 0.5.0
Check: LazyData
Result: NOTE
     'LazyData' is specified without a 'data' directory
Flavors: r-devel-linux-x86_64-debian-clang, r-devel-linux-x86_64-debian-gcc, r-devel-linux-x86_64-fedora-clang, r-devel-linux-x86_64-fedora-gcc, r-devel-windows-x86_64, r-patched-linux-x86_64, r-release-linux-x86_64, r-release-macos-arm64, r-release-macos-x86_64, r-release-windows-x86_64, r-oldrel-macos-arm64, r-oldrel-macos-x86_64, r-oldrel-windows-ix86+x86_64