Last updated on 2023-01-28 07:14:50 CET.
Flavor | Version | Tinstall | Tcheck | Ttotal | Status | Flags |
---|---|---|---|---|---|---|
r-devel-linux-x86_64-debian-clang | 0.1.0 | 2.34 | 262.73 | 265.07 | OK | |
r-devel-linux-x86_64-debian-gcc | 0.1.0 | 1.58 | 204.82 | 206.40 | OK | |
r-devel-linux-x86_64-fedora-clang | 0.1.0 | 206.22 | NOTE | |||
r-devel-linux-x86_64-fedora-gcc | 0.1.0 | 208.05 | NOTE | |||
r-devel-windows-x86_64 | 0.1.0 | 12.00 | 343.00 | 355.00 | OK | |
r-patched-linux-x86_64 | 0.1.0 | 2.33 | 260.05 | 262.38 | OK | |
r-release-linux-x86_64 | 0.1.0 | 2.32 | 253.42 | 255.74 | OK | |
r-release-macos-arm64 | 0.1.0 | 599.00 | NOTE | |||
r-release-macos-x86_64 | 0.1.0 | 443.00 | NOTE | |||
r-release-windows-x86_64 | 0.1.0 | 20.00 | 476.00 | 496.00 | OK | |
r-oldrel-macos-arm64 | 0.1.0 | 526.00 | NOTE | |||
r-oldrel-macos-x86_64 | 0.1.0 | 734.00 | NOTE | |||
r-oldrel-windows-ix86+x86_64 | 0.1.0 | 6.00 | 436.00 | 442.00 | OK |
Version: 0.1.0
Check: dependencies in R code
Result: NOTE
Namespaces in Imports field not imported from:
‘rappdirs’ ‘stringr’
All declared Imports should be used.
Flavors: r-devel-linux-x86_64-fedora-clang, r-devel-linux-x86_64-fedora-gcc, r-release-macos-arm64, r-release-macos-x86_64, r-oldrel-macos-arm64, r-oldrel-macos-x86_64