Last updated on 2023-09-21 07:54:48 CEST.
Flavor | Version | Tinstall | Tcheck | Ttotal | Status | Flags |
---|---|---|---|---|---|---|
r-devel-linux-x86_64-debian-clang | 1.0.2 | 13.97 | 355.49 | 369.46 | OK | |
r-devel-linux-x86_64-debian-gcc | 1.0.2 | 8.79 | 254.28 | 263.07 | OK | |
r-devel-linux-x86_64-fedora-clang | 1.0.2 | 430.33 | NOTE | |||
r-devel-linux-x86_64-fedora-gcc | 1.0.2 | 437.84 | OK | |||
r-devel-windows-x86_64 | 1.0.2 | 11.00 | 307.00 | 318.00 | NOTE | |
r-patched-linux-x86_64 | 1.0.2 | 13.14 | 325.28 | 338.42 | OK | |
r-release-linux-x86_64 | 1.0.2 | 8.11 | 338.11 | 346.22 | OK | |
r-release-macos-arm64 | 1.0.2 | 124.00 | NOTE | |||
r-release-macos-x86_64 | 1.0.2 | 193.00 | NOTE | |||
r-release-windows-x86_64 | 1.0.2 | 14.00 | 334.00 | 348.00 | NOTE | |
r-oldrel-macos-arm64 | 1.0.2 | 119.00 | NOTE | |||
r-oldrel-macos-x86_64 | 1.0.2 | 178.00 | NOTE | |||
r-oldrel-windows-x86_64 | 1.0.2 | 17.00 | 324.00 | 341.00 | NOTE |
Version: 1.0.2
Check: installed package size
Result: NOTE
installed size is 5.5Mb
sub-directories of 1Mb or more:
extdata 4.7Mb
Flavors: r-devel-linux-x86_64-fedora-clang, r-devel-windows-x86_64, r-release-macos-arm64, r-release-macos-x86_64, r-release-windows-x86_64, r-oldrel-macos-arm64, r-oldrel-macos-x86_64, r-oldrel-windows-x86_64
Version: 1.0.2
Check: package dependencies
Result: NOTE
Package suggested but not available for checking: ‘wallace’
Flavor: r-release-macos-x86_64