CRAN Package Check Results for Package cgmquantify

Last updated on 2024-04-20 06:58:36 CEST.

Flavor Version Tinstall Tcheck Ttotal Status Flags
r-devel-linux-x86_64-debian-clang 0.1.0 2.98 37.40 40.38 NOTE
r-devel-linux-x86_64-debian-gcc 0.1.0 2.13 29.57 31.70 NOTE
r-devel-linux-x86_64-fedora-clang 0.1.0 55.71 NOTE
r-devel-linux-x86_64-fedora-gcc 0.1.0 64.86 NOTE
r-prerel-macos-arm64 0.1.0 25.00 NOTE
r-prerel-windows-x86_64 0.1.0 4.00 55.00 59.00 NOTE
r-patched-linux-x86_64 0.1.0 1.83 36.95 38.78 NOTE
r-release-linux-x86_64 0.1.0 1.75 34.95 36.70 NOTE
r-release-macos-arm64 0.1.0 29.00 NOTE
r-release-macos-x86_64 0.1.0 43.00 NOTE
r-release-windows-x86_64 0.1.0 4.00 57.00 61.00 NOTE
r-oldrel-macos-arm64 0.1.0 21.00 NOTE
r-oldrel-windows-x86_64 0.1.0 6.00 58.00 64.00 NOTE

Check Details

Version: 0.1.0
Check: LazyData
Result: NOTE 'LazyData' is specified without a 'data' directory Flavors: r-devel-linux-x86_64-debian-clang, r-devel-linux-x86_64-debian-gcc, r-devel-linux-x86_64-fedora-clang, r-devel-linux-x86_64-fedora-gcc, r-prerel-macos-arm64, r-prerel-windows-x86_64, r-patched-linux-x86_64, r-release-linux-x86_64, r-release-macos-arm64, r-release-macos-x86_64, r-release-windows-x86_64, r-oldrel-macos-arm64, r-oldrel-windows-x86_64

Version: 0.1.0
Check: dependencies in R code
Result: NOTE Namespace in Imports field not imported from: ‘tidyverse’ All declared Imports should be used. Flavors: r-devel-linux-x86_64-fedora-clang, r-devel-linux-x86_64-fedora-gcc, r-oldrel-macos-arm64