CRAN Package Check Results for Package ceser

Last updated on 2023-01-29 07:55:58 CET.

Flavor Version Tinstall Tcheck Ttotal Status Flags
r-devel-linux-x86_64-debian-clang 1.0.0 2.91 32.98 35.89 OK
r-devel-linux-x86_64-debian-gcc 1.0.0 2.47 25.37 27.84 OK
r-devel-linux-x86_64-fedora-clang 1.0.0 44.94 NOTE
r-devel-linux-x86_64-fedora-gcc 1.0.0 55.11 NOTE
r-devel-windows-x86_64 1.0.0 15.00 63.00 78.00 OK
r-patched-linux-x86_64 1.0.0 2.60 32.31 34.91 OK
r-release-linux-x86_64 1.0.0 2.87 33.41 36.28 OK
r-release-macos-arm64 1.0.0 19.00 NOTE
r-release-macos-x86_64 1.0.0 35.00 NOTE
r-release-windows-x86_64 1.0.0 14.00 63.00 77.00 OK
r-oldrel-macos-arm64 1.0.0 20.00 NOTE
r-oldrel-macos-x86_64 1.0.0 33.00 NOTE
r-oldrel-windows-ix86+x86_64 1.0.0 8.00 60.00 68.00 OK

Check Details

Version: 1.0.0
Check: dependencies in R code
Result: NOTE
    Namespace in Imports field not imported from: ‘lmtest’
     All declared Imports should be used.
Flavors: r-devel-linux-x86_64-fedora-clang, r-devel-linux-x86_64-fedora-gcc, r-release-macos-arm64, r-release-macos-x86_64, r-oldrel-macos-arm64, r-oldrel-macos-x86_64