CRAN Package Check Results for Package ceser

Last updated on 2024-03-04 07:48:23 CET.

Flavor Version Tinstall Tcheck Ttotal Status Flags
r-devel-linux-x86_64-debian-clang 1.0.0 3.11 35.23 38.34 OK
r-devel-linux-x86_64-debian-gcc 1.0.0 2.00 27.13 29.13 OK
r-devel-linux-x86_64-fedora-clang 1.0.0 46.52 NOTE
r-devel-linux-x86_64-fedora-gcc 1.0.0 56.65 NOTE
r-devel-windows-x86_64 1.0.0 5.00 48.00 53.00 OK
r-patched-linux-x86_64 1.0.0 2.52 34.23 36.75 OK
r-release-linux-x86_64 1.0.0 2.90 33.98 36.88 OK
r-release-macos-arm64 1.0.0 29.00 OK
r-release-macos-x86_64 1.0.0 34.00 OK
r-release-windows-x86_64 1.0.0 5.00 53.00 58.00 OK
r-oldrel-macos-arm64 1.0.0 19.00 NOTE
r-oldrel-windows-x86_64 1.0.0 5.00 51.00 56.00 OK

Check Details

Version: 1.0.0
Check: dependencies in R code
Result: NOTE Namespace in Imports field not imported from: ‘lmtest’ All declared Imports should be used. Flavors: r-devel-linux-x86_64-fedora-clang, r-devel-linux-x86_64-fedora-gcc, r-oldrel-macos-arm64