Last updated on 2023-02-02 06:54:45 CET.
Flavor | Version | Tinstall | Tcheck | Ttotal | Status | Flags |
---|---|---|---|---|---|---|
r-devel-linux-x86_64-debian-clang | 0.6.0 | 31.69 | 302.97 | 334.66 | NOTE | |
r-devel-linux-x86_64-debian-gcc | 0.6.0 | 29.06 | 216.91 | 245.97 | NOTE | |
r-devel-linux-x86_64-fedora-clang | 0.6.0 | 416.61 | NOTE | |||
r-devel-linux-x86_64-fedora-gcc | 0.6.0 | 420.43 | NOTE | |||
r-patched-linux-x86_64 | 0.6.0 | 32.32 | 288.73 | 321.05 | NOTE | |
r-release-linux-x86_64 | 0.6.0 | 33.86 | 289.14 | 323.00 | NOTE | |
r-release-macos-arm64 | 0.6.0 | 80.00 | NOTE | |||
r-release-macos-x86_64 | 0.6.0 | 143.00 | NOTE | |||
r-release-windows-x86_64 | 0.6.0 | 41.00 | 307.00 | 348.00 | NOTE | |
r-oldrel-macos-arm64 | 0.6.0 | 49.00 | NOTE | |||
r-oldrel-macos-x86_64 | 0.6.0 | 72.00 | NOTE | |||
r-oldrel-windows-ix86+x86_64 | 0.6.0 | 69.00 | 277.00 | 346.00 | NOTE |
Version: 0.6.0
Check: LazyData
Result: NOTE
'LazyData' is specified without a 'data' directory
Flavors: r-devel-linux-x86_64-debian-clang, r-devel-linux-x86_64-debian-gcc, r-devel-linux-x86_64-fedora-clang, r-devel-linux-x86_64-fedora-gcc, r-patched-linux-x86_64, r-release-linux-x86_64, r-release-macos-arm64, r-release-macos-x86_64, r-release-windows-x86_64, r-oldrel-macos-arm64, r-oldrel-macos-x86_64, r-oldrel-windows-ix86+x86_64