CRAN Package Check Results for Package censys

Last updated on 2023-02-06 06:51:50 CET.

Flavor Version Tinstall Tcheck Ttotal Status Flags
r-devel-linux-x86_64-debian-clang 0.1.0 4.15 34.08 38.23 NOTE
r-devel-linux-x86_64-debian-gcc 0.1.0 2.72 26.53 29.25 NOTE
r-devel-linux-x86_64-fedora-clang 0.1.0 49.20 NOTE
r-devel-linux-x86_64-fedora-gcc 0.1.0 46.52 NOTE
r-devel-windows-x86_64 0.1.0 14.00 66.00 80.00 NOTE
r-patched-linux-x86_64 0.1.0 3.75 33.22 36.97 NOTE
r-release-linux-x86_64 0.1.0 3.60 34.39 37.99 NOTE
r-release-macos-arm64 0.1.0 16.00 NOTE
r-release-macos-x86_64 0.1.0 25.00 NOTE
r-release-windows-x86_64 0.1.0 15.00 67.00 82.00 NOTE
r-oldrel-macos-arm64 0.1.0 21.00 NOTE
r-oldrel-macos-x86_64 0.1.0 30.00 NOTE
r-oldrel-windows-ix86+x86_64 0.1.0 8.00 58.00 66.00 NOTE

Check Details

Version: 0.1.0
Check: LazyData
Result: NOTE
     'LazyData' is specified without a 'data' directory
Flavors: r-devel-linux-x86_64-debian-clang, r-devel-linux-x86_64-debian-gcc, r-devel-linux-x86_64-fedora-clang, r-devel-linux-x86_64-fedora-gcc, r-devel-windows-x86_64, r-patched-linux-x86_64, r-release-linux-x86_64, r-release-macos-arm64, r-release-macos-x86_64, r-release-windows-x86_64, r-oldrel-macos-arm64, r-oldrel-macos-x86_64, r-oldrel-windows-ix86+x86_64