CRAN Package Check Results for Package cellranger

Last updated on 2023-09-21 07:54:48 CEST.

Flavor Version Tinstall Tcheck Ttotal Status Flags
r-devel-linux-x86_64-debian-clang 1.1.0 2.62 33.95 36.57 NOTE
r-devel-linux-x86_64-debian-gcc 1.1.0 2.42 25.95 28.37 NOTE
r-devel-linux-x86_64-fedora-clang 1.1.0 46.67 NOTE
r-devel-linux-x86_64-fedora-gcc 1.1.0 56.94 NOTE
r-devel-windows-x86_64 1.1.0 6.00 51.00 57.00 NOTE
r-patched-linux-x86_64 1.1.0 2.99 33.03 36.02 NOTE
r-release-linux-x86_64 1.1.0 3.04 32.91 35.95 NOTE
r-release-macos-arm64 1.1.0 26.00 NOTE
r-release-macos-x86_64 1.1.0 36.00 NOTE
r-release-windows-x86_64 1.1.0 5.00 53.00 58.00 NOTE
r-oldrel-macos-arm64 1.1.0 19.00 NOTE
r-oldrel-macos-x86_64 1.1.0 27.00 NOTE
r-oldrel-windows-x86_64 1.1.0 6.00 54.00 60.00 NOTE

Check Details

Version: 1.1.0
Check: LazyData
Result: NOTE
     'LazyData' is specified without a 'data' directory
Flavors: r-devel-linux-x86_64-debian-clang, r-devel-linux-x86_64-debian-gcc, r-devel-linux-x86_64-fedora-clang, r-devel-linux-x86_64-fedora-gcc, r-devel-windows-x86_64, r-patched-linux-x86_64, r-release-linux-x86_64, r-release-macos-arm64, r-release-macos-x86_64, r-release-windows-x86_64, r-oldrel-macos-arm64, r-oldrel-macos-x86_64, r-oldrel-windows-x86_64