CRAN Package Check Results for Package ceRtainty

Last updated on 2023-01-28 07:14:50 CET.

Flavor Version Tinstall Tcheck Ttotal Status Flags
r-devel-linux-x86_64-debian-clang 1.0.0 5.08 55.35 60.43 OK
r-devel-linux-x86_64-debian-gcc 1.0.0 4.22 41.83 46.05 OK
r-devel-linux-x86_64-fedora-clang 1.0.0 74.59 NOTE
r-devel-linux-x86_64-fedora-gcc 1.0.0 84.33 NOTE
r-devel-windows-x86_64 1.0.0 21.00 86.00 107.00 OK
r-patched-linux-x86_64 1.0.0 4.33 53.37 57.70 OK
r-release-linux-x86_64 1.0.0 4.80 54.25 59.05 OK
r-release-macos-arm64 1.0.0 25.00 NOTE
r-release-macos-x86_64 1.0.0 51.00 NOTE
r-release-windows-x86_64 1.0.0 20.00 94.00 114.00 OK
r-oldrel-macos-arm64 1.0.0 29.00 NOTE
r-oldrel-macos-x86_64 1.0.0 39.00 NOTE
r-oldrel-windows-ix86+x86_64 1.0.0 14.00 82.00 96.00 OK

Check Details

Version: 1.0.0
Check: dependencies in R code
Result: NOTE
    Namespaces in Imports field not imported from:
     ‘base’ ‘stats’ ‘tidyr’
     All declared Imports should be used.
Flavors: r-devel-linux-x86_64-fedora-clang, r-devel-linux-x86_64-fedora-gcc, r-release-macos-arm64, r-release-macos-x86_64, r-oldrel-macos-arm64, r-oldrel-macos-x86_64