Last updated on 2023-01-26 07:53:46 CET.
Flavor | Version | Tinstall | Tcheck | Ttotal | Status | Flags |
---|---|---|---|---|---|---|
r-devel-linux-x86_64-debian-clang | 0.1.2 | 41.57 | 87.49 | 129.06 | NOTE | |
r-devel-linux-x86_64-debian-gcc | 0.1.2 | 29.04 | 67.26 | 96.30 | NOTE | |
r-devel-linux-x86_64-fedora-clang | 0.1.2 | 164.96 | NOTE | |||
r-devel-linux-x86_64-fedora-gcc | 0.1.2 | 156.56 | NOTE | |||
r-devel-windows-x86_64 | 0.1.2 | 37.00 | 123.00 | 160.00 | NOTE | |
r-patched-linux-x86_64 | 0.1.2 | 35.57 | 85.20 | 120.77 | NOTE | |
r-release-linux-x86_64 | 0.1.2 | 30.56 | 84.32 | 114.88 | NOTE | |
r-release-macos-arm64 | 0.1.2 | 45.00 | NOTE | |||
r-release-macos-x86_64 | 0.1.2 | 61.00 | NOTE | |||
r-release-windows-x86_64 | 0.1.2 | 42.00 | 131.00 | 173.00 | NOTE | |
r-oldrel-macos-arm64 | 0.1.2 | 52.00 | NOTE | |||
r-oldrel-macos-x86_64 | 0.1.2 | 86.00 | NOTE | |||
r-oldrel-windows-ix86+x86_64 | 0.1.2 | 91.00 | 153.00 | 244.00 | NOTE |
Version: 0.1.2
Check: LazyData
Result: NOTE
'LazyData' is specified without a 'data' directory
Flavors: r-devel-linux-x86_64-debian-clang, r-devel-linux-x86_64-debian-gcc, r-devel-linux-x86_64-fedora-clang, r-devel-linux-x86_64-fedora-gcc, r-devel-windows-x86_64, r-patched-linux-x86_64, r-release-linux-x86_64, r-release-macos-arm64, r-release-macos-x86_64, r-release-windows-x86_64, r-oldrel-macos-arm64, r-oldrel-macos-x86_64, r-oldrel-windows-ix86+x86_64