Last updated on 2023-02-05 07:57:16 CET.
Flavor | Version | Tinstall | Tcheck | Ttotal | Status | Flags |
---|---|---|---|---|---|---|
r-devel-linux-x86_64-debian-clang | 1.1.4 | 6.98 | 66.94 | 73.92 | NOTE | |
r-devel-linux-x86_64-debian-gcc | 1.1.4 | 6.43 | 49.32 | 55.75 | NOTE | |
r-devel-linux-x86_64-fedora-clang | 1.1.4 | 99.26 | NOTE | |||
r-devel-linux-x86_64-fedora-gcc | 1.1.4 | 88.72 | NOTE | |||
r-devel-windows-x86_64 | 1.1.4 | 13.00 | 96.00 | 109.00 | NOTE | |
r-patched-linux-x86_64 | 1.1.4 | 7.44 | 65.23 | 72.67 | OK | |
r-release-linux-x86_64 | 1.1.4 | 7.38 | 65.05 | 72.43 | OK | |
r-release-macos-arm64 | 1.1.4 | 28.00 | NOTE | |||
r-release-macos-x86_64 | 1.1.4 | 54.00 | NOTE | |||
r-release-windows-x86_64 | 1.1.4 | 16.00 | 105.00 | 121.00 | OK | |
r-oldrel-macos-arm64 | 1.1.4 | 29.00 | NOTE | |||
r-oldrel-macos-x86_64 | 1.1.4 | 41.00 | NOTE | |||
r-oldrel-windows-ix86+x86_64 | 1.1.4 | 18.00 | 93.00 | 111.00 | OK |
Version: 1.1.4
Check: package subdirectories
Result: NOTE
Problems with news in ‘NEWS.md’:
Cannot extract version info from the following section titles:
News about the ccdf R package
Flavors: r-devel-linux-x86_64-debian-clang, r-devel-linux-x86_64-debian-gcc, r-devel-linux-x86_64-fedora-clang, r-devel-linux-x86_64-fedora-gcc, r-devel-windows-x86_64
Version: 1.1.4
Check: dependencies in R code
Result: NOTE
Namespace in Imports field not imported from: ‘statmod’
All declared Imports should be used.
Flavors: r-devel-linux-x86_64-fedora-clang, r-devel-linux-x86_64-fedora-gcc, r-release-macos-arm64, r-release-macos-x86_64, r-oldrel-macos-arm64, r-oldrel-macos-x86_64