CRAN Package Check Results for Package cbsodataR

Last updated on 2023-01-29 07:55:58 CET.

Flavor Version Tinstall Tcheck Ttotal Status Flags
r-devel-linux-x86_64-debian-clang 0.5.1 3.90 39.03 42.93 OK
r-devel-linux-x86_64-debian-gcc 0.5.1 2.84 30.17 33.01 OK
r-devel-linux-x86_64-fedora-clang 0.5.1 53.69 OK
r-devel-linux-x86_64-fedora-gcc 0.5.1 64.05 OK
r-devel-windows-x86_64 0.5.1 49.00 93.00 142.00 OK
r-patched-linux-x86_64 0.5.1 4.70 37.54 42.24 OK
r-release-linux-x86_64 0.5.1 3.80 37.52 41.32 OK
r-release-macos-arm64 0.5.1 66.00 OK
r-release-macos-x86_64 0.5.1 154.00 ERROR
r-release-windows-x86_64 0.5.1 50.00 82.00 132.00 OK
r-oldrel-macos-arm64 0.5.1 72.00 OK
r-oldrel-macos-x86_64 0.5.1 88.00 OK
r-oldrel-windows-ix86+x86_64 0.5.1 7.00 67.00 74.00 ERROR

Check Details

Version: 0.5.1
Check: examples
Result: ERROR
    Running examples in ‘cbsodataR-Ex.R’ failed
    The error most likely occurred in:
    
    > ### Name: cbs_get_catalogs
    > ### Title: Retrieves the possible catalog values that can be used for
    > ### retrieving data
    > ### Aliases: cbs_get_catalogs
    >
    > ### ** Examples
    >
    > catalogs <- cbs_get_catalogs()
    Warning in readBin(3L, raw(0), 32768L) :
     URL 'https://opendata.cbs.nl/ODataCatalog/Tables?$format=json': Timeout of 60 seconds was reached
    Warning: Failing: http://opendata.cbs.nl/ODataCatalog/Tables?$format=json
    Retrying...
    Warning in readBin(3L, raw(0), 32768L) :
     URL 'https://opendata.cbs.nl/ODataCatalog/Tables?$format=json': Timeout of 60 seconds was reached
    Error in readBin(3L, raw(0), 32768L) : cannot read from connection
    Calls: cbs_get_catalogs ... parse_and_simplify -> parseJSON -> parse_con -> readBin
    Execution halted
Flavor: r-release-macos-x86_64

Version: 0.5.1
Check: examples
Result: ERROR
    Running examples in 'cbsodataR-Ex.R' failed
    The error most likely occurred in:
    
    > ### Name: cbs_get_catalogs
    > ### Title: Retrieves the possible catalog values that can be used for
    > ### retrieving data
    > ### Aliases: cbs_get_catalogs
    >
    > ### ** Examples
    >
    > catalogs <- cbs_get_catalogs()
    Warning in open.connection(con, "rb") :
     InternetOpenUrl failed: 'Die Serververbindung konnte nicht hergestellt werden.'
    Warning: Failing: http://opendata.cbs.nl/ODataCatalog/Tables?$format=json
    Retrying...
    Warning in open.connection(con, "rb") :
     InternetOpenUrl failed: 'Die Serververbindung konnte nicht hergestellt werden.'
    Error in open.connection(con, "rb") : cannot open the connection
    Calls: cbs_get_catalogs ... parse_and_simplify -> parseJSON -> parse_con -> open -> open.connection
    Execution halted
Flavor: r-oldrel-windows-ix86+x86_64