Last updated on 2023-02-02 06:54:45 CET.
Flavor | Version | Tinstall | Tcheck | Ttotal | Status | Flags |
---|---|---|---|---|---|---|
r-devel-linux-x86_64-debian-clang | 0.2.0.2 | 1557.23 | 170.71 | 1727.94 | NOTE | |
r-devel-linux-x86_64-debian-gcc | 0.2.0.2 | 1497.63 | 219.47 | 1717.10 | NOTE | |
r-devel-linux-x86_64-fedora-clang | 0.2.0.2 | 2306.33 | NOTE | |||
r-devel-linux-x86_64-fedora-gcc | 0.2.0.2 | 3031.01 | NOTE | |||
r-patched-linux-x86_64 | 0.2.0.2 | 1256.12 | 260.38 | 1516.50 | NOTE | |
r-release-linux-x86_64 | 0.2.0.2 | 1295.54 | 271.66 | 1567.20 | NOTE | |
r-release-macos-arm64 | 0.2.0.2 | 588.00 | NOTE | |||
r-release-macos-x86_64 | 0.2.0.2 | 1071.00 | NOTE | |||
r-release-windows-x86_64 | 0.2.0.2 | 1020.00 | 354.00 | 1374.00 | NOTE | |
r-oldrel-macos-arm64 | 0.2.0.2 | 712.00 | NOTE | |||
r-oldrel-macos-x86_64 | 0.2.0.2 | 1255.00 | NOTE | |||
r-oldrel-windows-ix86+x86_64 | 0.2.0.2 | 3685.00 | 407.00 | 4092.00 | NOTE |
Version: 0.2.0.2
Check: C++ specification
Result: NOTE
Specified C++14: please update to current default of C++17
Flavors: r-devel-linux-x86_64-debian-clang, r-devel-linux-x86_64-debian-gcc, r-devel-linux-x86_64-fedora-clang, r-devel-linux-x86_64-fedora-gcc
Version: 0.2.0.2
Check: LazyData
Result: NOTE
'LazyData' is specified without a 'data' directory
Flavors: r-devel-linux-x86_64-debian-clang, r-devel-linux-x86_64-debian-gcc, r-devel-linux-x86_64-fedora-clang, r-devel-linux-x86_64-fedora-gcc, r-patched-linux-x86_64, r-release-linux-x86_64, r-release-macos-arm64, r-release-macos-x86_64, r-release-windows-x86_64, r-oldrel-macos-arm64, r-oldrel-macos-x86_64, r-oldrel-windows-ix86+x86_64
Version: 0.2.0.2
Check: for GNU extensions in Makefiles
Result: NOTE
GNU make is a SystemRequirements.
Flavors: r-devel-linux-x86_64-debian-clang, r-devel-linux-x86_64-debian-gcc, r-devel-linux-x86_64-fedora-clang, r-devel-linux-x86_64-fedora-gcc, r-patched-linux-x86_64, r-release-linux-x86_64, r-release-macos-arm64, r-release-macos-x86_64, r-release-windows-x86_64, r-oldrel-macos-arm64, r-oldrel-macos-x86_64, r-oldrel-windows-ix86+x86_64
Version: 0.2.0.2
Check: installed package size
Result: NOTE
installed size is 15.1Mb
sub-directories of 1Mb or more:
libs 14.7Mb
Flavors: r-devel-linux-x86_64-fedora-clang, r-release-macos-arm64, r-release-macos-x86_64, r-release-windows-x86_64, r-oldrel-macos-arm64, r-oldrel-macos-x86_64, r-oldrel-windows-ix86+x86_64