CRAN Package Check Results for Package causalweight

Last updated on 2023-01-31 07:54:06 CET.

Flavor Version Tinstall Tcheck Ttotal Status Flags
r-devel-linux-x86_64-debian-clang 1.0.3 17.45 124.07 141.52 OK
r-devel-linux-x86_64-debian-gcc 1.0.3 15.29 91.40 106.69 OK
r-devel-linux-x86_64-fedora-clang 1.0.3 185.70 NOTE
r-devel-linux-x86_64-fedora-gcc 1.0.3 179.33 NOTE
r-devel-windows-x86_64 1.0.3 47.00 146.00 193.00 OK
r-patched-linux-x86_64 1.0.3 17.07 119.24 136.31 OK
r-release-linux-x86_64 1.0.3 16.79 118.60 135.39 OK
r-release-macos-arm64 1.0.3 40.00 NOTE
r-release-macos-x86_64 1.0.3 65.00 NOTE
r-release-windows-x86_64 1.0.3 63.00 152.00 215.00 OK
r-oldrel-macos-arm64 1.0.3 44.00 NOTE
r-oldrel-macos-x86_64 1.0.3 67.00 NOTE
r-oldrel-windows-ix86+x86_64 1.0.3 35.00 144.00 179.00 OK

Check Details

Version: 1.0.3
Check: data for non-ASCII characters
Result: NOTE
     Note: found 1 marked UTF-8 string
Flavors: r-devel-linux-x86_64-fedora-clang, r-devel-linux-x86_64-fedora-gcc, r-release-macos-arm64, r-release-macos-x86_64, r-oldrel-macos-arm64, r-oldrel-macos-x86_64