Last updated on 2023-01-29 07:55:58 CET.
Flavor | Version | Tinstall | Tcheck | Ttotal | Status | Flags |
---|---|---|---|---|---|---|
r-devel-linux-x86_64-debian-clang | 0.9.3 | 6.19 | 130.54 | 136.73 | OK | |
r-devel-linux-x86_64-debian-gcc | 0.9.3 | 4.90 | 99.13 | 104.03 | OK | |
r-devel-linux-x86_64-fedora-clang | 0.9.3 | 163.14 | NOTE | |||
r-devel-linux-x86_64-fedora-gcc | 0.9.3 | 166.26 | OK | |||
r-devel-windows-x86_64 | 0.9.3 | 31.00 | 216.00 | 247.00 | NOTE | |
r-patched-linux-x86_64 | 0.9.3 | 5.11 | 128.02 | 133.13 | OK | |
r-release-linux-x86_64 | 0.9.3 | 6.69 | 125.14 | 131.83 | OK | |
r-release-macos-arm64 | 0.9.3 | 72.00 | NOTE | |||
r-release-macos-x86_64 | 0.9.3 | 87.00 | NOTE | |||
r-release-windows-x86_64 | 0.9.3 | 33.00 | 223.00 | 256.00 | NOTE | |
r-oldrel-macos-arm64 | 0.9.3 | 73.00 | NOTE | |||
r-oldrel-macos-x86_64 | 0.9.3 | 91.00 | NOTE | |||
r-oldrel-windows-ix86+x86_64 | 0.9.3 | 11.00 | 157.00 | 168.00 | NOTE |
Version: 0.9.3
Check: installed package size
Result: NOTE
installed size is 38.0Mb
sub-directories of 1Mb or more:
doc 37.7Mb
Flavors: r-devel-linux-x86_64-fedora-clang, r-devel-windows-x86_64, r-release-macos-arm64, r-release-macos-x86_64, r-release-windows-x86_64, r-oldrel-macos-arm64, r-oldrel-macos-x86_64, r-oldrel-windows-ix86+x86_64