CRAN Package Check Results for Package catdata

Last updated on 2023-02-02 06:54:45 CET.

Flavor Version Tinstall Tcheck Ttotal Status Flags
r-devel-linux-x86_64-debian-clang 1.2.2 3.25 136.34 139.59 NOTE
r-devel-linux-x86_64-debian-gcc 1.2.2 2.45 112.86 115.31 NOTE
r-devel-linux-x86_64-fedora-clang 1.2.2 210.50 NOTE
r-devel-linux-x86_64-fedora-gcc 1.2.2 560.48 NOTE
r-devel-windows-x86_64 1.2.2 73.00 464.00 537.00 NOTE
r-patched-linux-x86_64 1.2.2 3.74 136.95 140.69 NOTE
r-release-linux-x86_64 1.2.2 3.34 390.35 393.69 NOTE
r-release-macos-arm64 1.2.2 255.00 NOTE
r-release-macos-x86_64 1.2.2 601.00 NOTE
r-release-windows-x86_64 1.2.2 50.00 1119.00 1169.00 NOTE
r-oldrel-macos-arm64 1.2.2 252.00 NOTE
r-oldrel-macos-x86_64 1.2.2 716.00 NOTE
r-oldrel-windows-ix86+x86_64 1.2.2 10.00 781.00 791.00 OK

Check Details

Version: 1.2.2
Check: package dependencies
Result: NOTE
    Package suggested but not available for checking: ‘GAMBoost’
Flavors: r-devel-linux-x86_64-debian-clang, r-devel-linux-x86_64-debian-gcc, r-devel-linux-x86_64-fedora-clang, r-devel-linux-x86_64-fedora-gcc, r-devel-windows-x86_64, r-patched-linux-x86_64, r-release-linux-x86_64, r-release-macos-arm64, r-release-macos-x86_64, r-release-windows-x86_64, r-oldrel-macos-arm64, r-oldrel-macos-x86_64