Last updated on 2023-02-02 06:54:45 CET.
Flavor | Version | Tinstall | Tcheck | Ttotal | Status | Flags |
---|---|---|---|---|---|---|
r-devel-linux-x86_64-debian-clang | 1.7.6 | 149.33 | 206.97 | 356.30 | NOTE | |
r-devel-linux-x86_64-debian-gcc | 1.7.6 | 154.94 | 153.90 | 308.84 | NOTE | |
r-devel-linux-x86_64-fedora-clang | 1.7.6 | 463.72 | NOTE | |||
r-devel-linux-x86_64-fedora-gcc | 1.7.6 | 539.36 | NOTE | |||
r-patched-linux-x86_64 | 1.7.6 | 158.07 | 189.97 | 348.04 | OK | |
r-release-linux-x86_64 | 1.7.6 | 151.58 | 191.53 | 343.11 | OK | |
r-release-macos-arm64 | 1.7.6 | 105.00 | NOTE | |||
r-release-macos-x86_64 | 1.7.6 | 133.00 | NOTE | |||
r-release-windows-x86_64 | 1.7.6 | 190.00 | 292.00 | 482.00 | OK | |
r-oldrel-macos-arm64 | 1.7.6 | 109.00 | NOTE | |||
r-oldrel-macos-x86_64 | 1.7.6 | 136.00 | NOTE | |||
r-oldrel-windows-ix86+x86_64 | 1.7.6 | 299.00 | 290.00 | 589.00 | NOTE |
Version: 1.7.6
Check: C++ specification
Result: NOTE
Specified C++11: please update to current default of C++17
Flavors: r-devel-linux-x86_64-debian-clang, r-devel-linux-x86_64-debian-gcc, r-devel-linux-x86_64-fedora-clang, r-devel-linux-x86_64-fedora-gcc
Version: 1.7.6
Check: installed package size
Result: NOTE
installed size is 20.7Mb
sub-directories of 1Mb or more:
R 1.0Mb
libs 18.8Mb
Flavors: r-release-macos-arm64, r-release-macos-x86_64, r-oldrel-macos-arm64, r-oldrel-macos-x86_64, r-oldrel-windows-ix86+x86_64