CRAN Package Check Results for Package carrier

Last updated on 2023-02-02 06:54:45 CET.

Flavor Version Tinstall Tcheck Ttotal Status Flags
r-devel-linux-x86_64-debian-clang 0.1.0 2.84 29.45 32.29 NOTE
r-devel-linux-x86_64-debian-gcc 0.1.0 2.33 23.40 25.73 NOTE
r-devel-linux-x86_64-fedora-clang 0.1.0 42.12 NOTE
r-devel-linux-x86_64-fedora-gcc 0.1.0 39.59 NOTE
r-patched-linux-x86_64 0.1.0 2.86 29.04 31.90 NOTE
r-release-linux-x86_64 0.1.0 2.93 30.23 33.16 NOTE
r-release-macos-arm64 0.1.0 18.00 NOTE
r-release-macos-x86_64 0.1.0 25.00 NOTE
r-release-windows-x86_64 0.1.0 9.00 62.00 71.00 NOTE
r-oldrel-macos-arm64 0.1.0 22.00 NOTE
r-oldrel-macos-x86_64 0.1.0 31.00 NOTE
r-oldrel-windows-ix86+x86_64 0.1.0 6.00 57.00 63.00 NOTE

Check Details

Version: 0.1.0
Check: LazyData
Result: NOTE
     'LazyData' is specified without a 'data' directory
Flavors: r-devel-linux-x86_64-debian-clang, r-devel-linux-x86_64-debian-gcc, r-devel-linux-x86_64-fedora-clang, r-devel-linux-x86_64-fedora-gcc, r-patched-linux-x86_64, r-release-linux-x86_64, r-release-macos-arm64, r-release-macos-x86_64, r-release-windows-x86_64, r-oldrel-macos-arm64, r-oldrel-macos-x86_64, r-oldrel-windows-ix86+x86_64