Last updated on 2023-01-29 07:55:58 CET.
Flavor | Version | Tinstall | Tcheck | Ttotal | Status | Flags |
---|---|---|---|---|---|---|
r-devel-linux-x86_64-debian-clang | 0.2.2 | 3.88 | 49.88 | 53.76 | NOTE | |
r-devel-linux-x86_64-debian-gcc | 0.2.2 | 2.42 | 38.14 | 40.56 | NOTE | |
r-devel-linux-x86_64-fedora-clang | 0.2.2 | 67.99 | NOTE | |||
r-devel-linux-x86_64-fedora-gcc | 0.2.2 | 75.46 | NOTE | |||
r-devel-windows-x86_64 | 0.2.2 | 19.00 | 78.00 | 97.00 | NOTE | |
r-patched-linux-x86_64 | 0.2.2 | 3.81 | 49.28 | 53.09 | NOTE | |
r-release-linux-x86_64 | 0.2.2 | 4.11 | 50.26 | 54.37 | NOTE | |
r-release-macos-arm64 | 0.2.2 | 25.00 | NOTE | |||
r-release-macos-x86_64 | 0.2.2 | 45.00 | NOTE | |||
r-release-windows-x86_64 | 0.2.2 | 7.00 | 83.00 | 90.00 | NOTE | |
r-oldrel-macos-arm64 | 0.2.2 | 30.00 | NOTE | |||
r-oldrel-macos-x86_64 | 0.2.2 | 34.00 | NOTE | |||
r-oldrel-windows-ix86+x86_64 | 0.2.2 | 12.00 | 74.00 | 86.00 | NOTE |
Version: 0.2.2
Check: LazyData
Result: NOTE
'LazyData' is specified without a 'data' directory
Flavors: r-devel-linux-x86_64-debian-clang, r-devel-linux-x86_64-debian-gcc, r-devel-linux-x86_64-fedora-clang, r-devel-linux-x86_64-fedora-gcc, r-devel-windows-x86_64, r-patched-linux-x86_64, r-release-linux-x86_64, r-release-macos-arm64, r-release-macos-x86_64, r-release-windows-x86_64, r-oldrel-macos-arm64, r-oldrel-macos-x86_64, r-oldrel-windows-ix86+x86_64